{"id":2324,"date":"2023-03-03T14:11:39","date_gmt":"2023-03-03T11:11:39","guid":{"rendered":"https:\/\/clinicavictoria.ro\/slatina\/?page_id=2324"},"modified":"2026-03-13T11:48:53","modified_gmt":"2026-03-13T08:48:53","slug":"all-on-four","status":"publish","type":"page","link":"https:\/\/clinicavictoria.ro\/slatina\/all-on-four\/","title":{"rendered":"Implanturile Dentare ALL ON FOUR"},"content":{"rendered":"\n<div style=\"height:32px\" aria-hidden=\"true\" class=\"wp-block-spacer\"><\/div>\n\n\n\n<h1 class=\"gb-headline gb-headline-9e3e8e8d gb-headline-text\">Implanturi Dentare ALL ON FOUR<\/h1>\n\n\n\n<div class=\"line-separator\"><\/div>\n\n\n\n<h6 class=\"gb-headline gb-headline-d4b56e91 gb-headline-text\"><strong><strong>Clinica Dentar\u0103 Victoria Slatina<\/strong><\/strong><\/h6>\n\n\n\n<div style=\"height:16px\" aria-hidden=\"true\" class=\"wp-block-spacer\"><\/div>\n\n\n\n<p class=\"has-text-align-center has-medium-font-size\">Te-ai s\u0103turat s\u0103 tr\u0103ie\u0219ti cu din\u021bi lips\u0103 sau proteze dentare incomode? Implanturile dentare ALL ON FOUR pot fi solu\u021bia pe care o cau\u021bi. Aceast\u0103 procedur\u0103 inovatoare folose\u0219te doar patru implanturi pentru a sus\u021bine o arcada complet\u0103 de din\u021bi de \u00eenlocuire, oferind o solu\u021bie permanent\u0103 \u0219i cu aspect natural pentru din\u021bii lips\u0103.<\/p>\n\n\n\n<p class=\"has-text-align-center\">Urm\u0103re\u0219te prezentarea tehnologiei implanturilor ALL ON FOUR \u00een materialul video de mai jos:<\/p>\n\n\n\n<figure class=\"wp-block-embed is-type-video is-provider-youtube wp-block-embed-youtube wp-embed-aspect-16-9 wp-has-aspect-ratio\"><div class=\"wp-block-embed__wrapper\">\n<div class=\"epyt-video-wrapper\"><div  id=\"_ytid_66042\"  width=\"1200\" height=\"675\"  data-origwidth=\"1200\" data-origheight=\"675\" data-facadesrc=\"https:\/\/www.youtube.com\/embed\/f-L1fMjBCFY?enablejsapi=1&#038;autoplay=0&#038;cc_load_policy=0&#038;cc_lang_pref=&#038;iv_load_policy=1&#038;loop=0&#038;rel=0&#038;fs=1&#038;playsinline=0&#038;autohide=2&#038;theme=dark&#038;color=red&#038;controls=1&#038;disablekb=0&#038;\" class=\"__youtube_prefs__ epyt-facade epyt-is-override  no-lazyload\" data-epautoplay=\"1\" ><img decoding=\"async\" data-spai-excluded=\"true\" class=\"epyt-facade-poster skip-lazy\" loading=\"lazy\"  alt=\"YouTube player\"  src=\"https:\/\/i.ytimg.com\/vi\/f-L1fMjBCFY\/maxresdefault.jpg\"  \/><button class=\"epyt-facade-play\" aria-label=\"Play\"><svg data-no-lazy=\"1\" height=\"100%\" version=\"1.1\" viewBox=\"0 0 68 48\" width=\"100%\"><path class=\"ytp-large-play-button-bg\" d=\"M66.52,7.74c-0.78-2.93-2.49-5.41-5.42-6.19C55.79,.13,34,0,34,0S12.21,.13,6.9,1.55 C3.97,2.33,2.27,4.81,1.48,7.74C0.06,13.05,0,24,0,24s0.06,10.95,1.48,16.26c0.78,2.93,2.49,5.41,5.42,6.19 C12.21,47.87,34,48,34,48s21.79-0.13,27.1-1.55c2.93-0.78,4.64-3.26,5.42-6.19C67.94,34.95,68,24,68,24S67.94,13.05,66.52,7.74z\" fill=\"#f00\"><\/path><path d=\"M 45,24 27,14 27,34\" fill=\"#fff\"><\/path><\/svg><\/button><\/div><\/div>\n<\/div><\/figure>\n\n\n\n<div style=\"height:16px\" aria-hidden=\"true\" class=\"wp-block-spacer\"><\/div>\n\n\n\n<p>\u00cen Rom\u00e2nia sunt foarte r\u0103sp\u00e2ndite cazurile de pierdere a tuturor din\u021bilor. Mai mult de o treime din popula\u021bia cu v\u00e2rste de peste 50 de ani poart\u0103 protez\u0103 dentar\u0103.<\/p>\n\n\n\n<p>Cu implanturile dentare ALL ON FOUR, te po\u021bi bucura de vorbire \u00eembun\u0103t\u0103\u021bit\u0103, capacitate de mestecat \u0219i un z\u00e2mbet \u00eencrez\u0103tor. \u00cen aceast\u0103 pagin\u0103, \u00ee\u021bi vom r\u0103spunde la unele dintre cele mai frecvente \u00eentreb\u0103ri despre implanturile dentare ALL ON FOUR \u0219i \u00ee\u021bi vom ar\u0103ta de ce aceast\u0103 procedur\u0103 poate fi alegerea potrivit\u0103 pentru tine.<\/p>\n\n\n\n<h3 class=\"gb-headline gb-headline-ab238ed9 gb-headline-text\"><strong>\u00centreb\u0103ri frecvente<\/strong><\/h3>\n\n\n\n<p><strong>Ce este sistemul ALL ON FOUR?<\/strong><br>Foarte u\u0219or \u0219i rapid, sistemul ALL ON FOUR permite medicului stomatolog s\u0103 fixeze permanent o arcad\u0103 dentar\u0103 complet\u0103 cu ajutorul a doar patru implanturi din titan. Mai exact, \u00eentr-o singur\u0103 zi, pacientul \u00ee\u0219i poate redob\u00e2ndi aspectul \u0219i func\u021bionalitatea din\u021bilor naturali.<\/p>\n\n\n\n<p><strong>Prin ce difer\u0103 implanturile dentare ALL ON FOUR de implanturile dentare tradi\u021bionale?<\/strong><br>Implanturile dentare tradi\u021bionale necesita un implant pentru fiecare dinte lipsa, ceea ce poate fi consumator de timp \u0219i costisitor. Implanturile dentare ALL ON FOUR sunt o op\u021biune mai rapid\u0103 \u0219i mai rentabil\u0103 pentru \u00eenlocuirea unei arcade complete de din\u021bi.<\/p>\n\n\n\n<p><strong>Cum se compar<\/strong>\u0103<strong> sistemul ALL ON FOUR cu din\u021bii naturali?<\/strong><br>Sistemul ALL ON 4 v\u0103 poate reda p\u00e2n\u0103 la 90% din capacitatea de mastica\u021bie a unei danturi naturale. Imagina\u021bi-v\u0103 cum ar fi s\u0103 v\u0103 pute\u021bi bucura din nou de preparatele dumneavoastr\u0103 preferate, precum o friptur\u0103 la gr\u0103tar sau s\u0103 pute\u021bi mu\u0219ca cu \u00eencredere dintr-un m\u0103r.<\/p>\n\n\n\n<p><strong>Sunt un candidat bun pentru implanturi dentare ALL ON FOUR?<\/strong><br>Implanturile dentare ALL ON FOUR sunt o op\u021biune bun\u0103 pentru persoanele c\u0103rora le lipse\u0219te un arc complet de din\u021bi \u0219i au o densitate osoas\u0103 a maxilarului suficient\u0103 pentru a sus\u021bine implanturile. Medicul dentist v\u0103 poate ajuta s\u0103 determina\u021bi dac\u0103 sunte\u021bi un candidat bun pentru aceast\u0103 procedur\u0103.<\/p>\n\n\n\n<p><strong>Cum am grij\u0103 de implanturile mele dentare ALL ON FOUR?<\/strong><br>\u00cengrijirea implanturilor dentare ALL ON FOUR este similar\u0103 cu \u00eengrijirea din\u021bilor naturali. Ar trebui s\u0103 v\u0103 peria\u021bi \u0219i s\u0103 folosi\u021bi a\u021ba dentar\u0103 \u00een mod regulat \u0219i s\u0103 v\u0103 consulta\u021bi medicul dentist pentru controale \u0219i cur\u0103\u021b\u0103ri regulate.<\/p>\n\n\n\n<p><strong>C\u00e2t dureaz\u0103 procedura de implant dentar ALL ON FOUR? Care sunt pa\u0219ii de urmat?<\/strong><br>Procedura de implant dentar ALL ON FOUR nu dureaza mult, pute\u021bi p\u0103r\u0103si cabinetul stomatologic cu un set complet de din\u021bi noi \u00een 2, maxim 3 vizite, iar in unele cazuri, chiar \u0219i \u00eentr-o singur\u0103 zi.<\/p>\n\n\n\n<ul class=\"list-number-elements\">\n<li><strong>Prima vizit\u0103<\/strong> &#8211; consulta\u021bie, amprentare digital\u0103 \u0219i examinare radiologic\u0103<\/li>\n\n\n\n<li><strong>A doua vizit\u0103<\/strong> &#8211; inserare implant \u0219i lucrare protetic\u0103<br>Intre timp, laboratorul nostru creeaz\u0103 viitorii din\u021bi \u00een a\u0219a fel \u00eenc\u00e2t sa se muleze perfect cu structura fetei tale.<\/li>\n\n\n\n<li><strong>A treia vizit\u0103<\/strong> &#8211; \u00eenlocuim lucrarea protetic\u0103 cu din\u021bii fic\u0219i finali<\/li>\n<\/ul>\n\n\n\n<div style=\"height:16px\" aria-hidden=\"true\" class=\"wp-block-spacer\"><\/div>\n\n\n\n<h3 class=\"gb-headline gb-headline-39e767cc gb-headline-text\"><strong>Rezultatele pacien\u021bilor no\u0219tri<\/strong><\/h3>\n\n\n\n<p>Folosi\u021bi bara din mijloc &lt;&gt; pentru a mi\u0219ca \u0219i vedea rezultatul unui sistem ALL ON FOUR.<\/p>\n\n\n<div class=\"gb-container gb-container-6bc1f908\">\n<div class=\"gb-container gb-container-48e0590c\">\n<div class=\"gb-grid-wrapper gb-grid-wrapper-838a6bb0\">\n<div class=\"gb-grid-column gb-grid-column-66e83aaf\"><div class=\"gb-container gb-container-66e83aaf\">\n\n\t\t\t\n\t<style type=\"text\/css\">\n\t\t.slider-info-2335.bafg-slider-info .bafg-slider-title {\n\t\t\t\t\t\t\tfont-size:\n\t\t\t\t\t22px\t\t\t\t;\n\t\t\t\n\t\t\t\n\t\t\t\t\t}\n\n\t\t.slider-info-2335.bafg-slider-info .bafg-slider-description {\n\t\t\t\n\t\t\t\n\t\t\t\t\t}\n\t\t\n\t\t\n\t\t.slider-info-2335.bafg-slider-info .bafg_slider_readmore_button {\n\t\t\t\n\t\t\t\n\t\t\t\n\t\t\t\n\t\t\t\n\t\t\ttext-align: center;\n\n\t\t\t\n\t\t\t\n\t\t\t\n\t\t\t\n\t\t\t\t\t}\n\n\t\t.slider-info-2335.bafg-slider-info .bafg_slider_readmore_button:hover {\n\n\t\t\t\n\t\t\t\n\t\t\t\t\t}\n\t<\/style>\n\t\n\t\t\t<div class=\"bafg-twentytwenty-container slider-2335  \"\n\t\t\t\tbafg-orientation=\"horizontal\" bafg-default-offset=\"0.5\"\n\t\t\t\tbafg-before-label=\"Inainte\"\n\t\t\t\tbafg-after-label=\"Dupa\" bafg-overlay=\"1\"\n\t\t\t\tbafg-move-slider-on-hover=\"\"\n\t\t\t\tbafg-click-to-move=\"\">\n\n\t\t\t\t\t\t\t\t<img class=\"skip-lazy\" data-skip-lazy\t\t\t\t\tsrc=\"https:\/\/clinicavictoria.ro\/slatina\/wp-content\/uploads\/2023\/03\/before-after-4.webp\" alt=\"\">\n\t\t\t\t<img class=\"skip-lazy\" data-skip-lazy\t\t\t\t\tsrc=\"https:\/\/clinicavictoria.ro\/slatina\/wp-content\/uploads\/2023\/03\/before-after-2.webp\" alt=\"\">\n\n\t\t\t<\/div>\n\n\t\t\t\t<div class=\"bafg-slider-info-wraper\">\n\t\t<div style=\"\" class=\"slider-info-2335 bafg-slider-info\">\n\t\t\t\t\t<\/div>\n\t<\/div>\n\t\n\t\t\t<style type=\"text\/css\">\n\t\t\t\t\t\t\t\t\t\t\t<\/style>\n\t\t\t\n\n<\/div><\/div>\n\n<div class=\"gb-grid-column gb-grid-column-d9bd716b\"><div class=\"gb-container gb-container-d9bd716b\">\n\n\t\t\t\n\t<style type=\"text\/css\">\n\t\t.slider-info-2340.bafg-slider-info .bafg-slider-title {\n\t\t\t\t\t\t\tfont-size:\n\t\t\t\t\t22px\t\t\t\t;\n\t\t\t\n\t\t\t\n\t\t\t\t\t}\n\n\t\t.slider-info-2340.bafg-slider-info .bafg-slider-description {\n\t\t\t\n\t\t\t\n\t\t\t\t\t}\n\t\t\n\t\t\n\t\t.slider-info-2340.bafg-slider-info .bafg_slider_readmore_button {\n\t\t\t\n\t\t\t\n\t\t\t\n\t\t\t\n\t\t\t\n\t\t\ttext-align: center;\n\n\t\t\t\n\t\t\t\n\t\t\t\n\t\t\t\n\t\t\t\t\t}\n\n\t\t.slider-info-2340.bafg-slider-info .bafg_slider_readmore_button:hover {\n\n\t\t\t\n\t\t\t\n\t\t\t\t\t}\n\t<\/style>\n\t\n\t\t\t<div class=\"bafg-twentytwenty-container slider-2340  \"\n\t\t\t\tbafg-orientation=\"horizontal\" bafg-default-offset=\"0.5\"\n\t\t\t\tbafg-before-label=\"Inainte\"\n\t\t\t\tbafg-after-label=\"Dupa\" bafg-overlay=\"1\"\n\t\t\t\tbafg-move-slider-on-hover=\"\"\n\t\t\t\tbafg-click-to-move=\"\">\n\n\t\t\t\t\t\t\t\t<img class=\"skip-lazy\" data-skip-lazy\t\t\t\t\tsrc=\"https:\/\/clinicavictoria.ro\/slatina\/wp-content\/uploads\/2023\/03\/before-after-3.webp\" alt=\"\">\n\t\t\t\t<img class=\"skip-lazy\" data-skip-lazy\t\t\t\t\tsrc=\"https:\/\/clinicavictoria.ro\/slatina\/wp-content\/uploads\/2023\/03\/before-after-1.webp\" alt=\"\">\n\n\t\t\t<\/div>\n\n\t\t\t\t<div class=\"bafg-slider-info-wraper\">\n\t\t<div style=\"\" class=\"slider-info-2340 bafg-slider-info\">\n\t\t\t\t\t<\/div>\n\t<\/div>\n\t\n\t\t\t<style type=\"text\/css\">\n\t\t\t\t\t\t\t\t\t\t\t<\/style>\n\t\t\t\n\n<\/div><\/div>\n<\/div>\n<\/div>\n<\/div>\n\n\n<div style=\"height:16px\" aria-hidden=\"true\" class=\"wp-block-spacer\"><\/div>\n\n\n\n<h3 class=\"gb-headline gb-headline-e3542207 gb-headline-text\"><strong>Beneficiile sistemului ALL ON FOUR<\/strong><\/h3>\n\n\n\n<div style=\"height:16px\" aria-hidden=\"true\" class=\"wp-block-spacer\"><\/div>\n\n\n\n<ul class=\"list-elements\">\n<li>Implanturile dentare ALL ON FOUR pot fi montate, \u00een anumite cazuri, \u00eentr-o singur\u0103 zi;<\/li>\n\n\n\n<li>Aspectul \u0219i senza\u021bia conferit\u0103 de ALL ON FOUR este cea de dantur\u0103 natural\u0103. Sistemul ALL ON FOUR v\u0103 va reda p\u00e2n\u0103 la 90% din func\u021bia danturii naturale;<\/li>\n\n\n\n<li>Nu va mai fi necesar s\u0103 folosi\u021bi adezivul pentru proteze;<\/li>\n\n\n\n<li>Timpul de vindecare pentru ALL ON FOUR este \u00een general mai scurt fa\u021b\u0103 de cel necesar pentru proceduri alternative;<\/li>\n\n\n\n<li>Cu doar patru implanturi pe arcad\u0103, sistemul ALL ON FOUR este mult mai pu\u021bin invaziv \u00een compara\u021bie cu procedurile care implic\u0103 utilizarea unei multitudini de implanturi \u0219i a unei grefe osoase extinse \u2013 Pe scurt, mai pu\u021bin\u0103 durere \u0219i reducerea inflama\u021biilor;<\/li>\n\n\n\n<li>Nu-\u021bi vei mai face griji niciodat\u0103 din cauza protezelor dentare desprinse.<\/li>\n<\/ul>\n\n\n\n<div style=\"height:32px\" aria-hidden=\"true\" class=\"wp-block-spacer\"><\/div>\n\n\n\n<h3 class=\"gb-headline gb-headline-3cba1645 gb-headline-text\"><strong>Pre\u021buri<\/strong><\/h3>\n\n\n<div class=\"gb-grid-wrapper gb-grid-wrapper-d96d6e7c\">\n<div class=\"gb-grid-column gb-grid-column-56274855\"><div class=\"gb-container gb-container-56274855\">\n\n<h5 class=\"gb-headline gb-headline-2055813a gb-headline-text\">Dantur\u0103 fix\u0103 pe <strong>4 sau 6<\/strong> implanturi <strong>Straumann\u00ae BLX:<\/strong><\/h5>\n\n\n\n<ul class=\"list-elements\">\n<li>Planificare digital\u0103&nbsp;<\/li>\n\n\n\n<li>Extrac\u021bii dentare&nbsp;<\/li>\n\n\n\n<li>Prf-vindecare accelerat\u0103&nbsp;<\/li>\n\n\n\n<li>Lucrare fix\u0103 provizorie&nbsp;<\/li>\n\n\n\n<li>NU INCLUDE sinus lift&nbsp;<\/li>\n\n\n\n<li>Nu INCLUDE adi\u021bie osoas\u0103<\/li>\n<\/ul>\n\n\n\n<h5 class=\"gb-headline gb-headline-f9b328e7 gb-headline-text\"><strong>Investi\u021bie \u00een z\u00e2mbet nou, \u00eencep\u00e2nd de la 18000 lei<\/strong><\/h5>\n\n\n\n<div style=\"height:16px\" aria-hidden=\"true\" class=\"wp-block-spacer\"><\/div>\n\n<\/div><\/div>\n<\/div>\n\n\n<div style=\"height:16px\" aria-hidden=\"true\" class=\"wp-block-spacer\"><\/div>\n\n\n\n<h3 class=\"gb-headline gb-headline-7c472c56 gb-headline-text\"><strong>Program\u0103ri pentru o evaluare:<\/strong><\/h3>\n\n\n\n<p>La Clinica Dentara Victoria Slatina, \u00ee\u021bi schimb\u0103m complet dantura \u0219i \u00ee\u021bi oferim un z\u00e2mbet perfect cu ajutorul tehnicii ALL ON FOUR, folosind tehnologia de implanturi elve\u021biene de ultim\u0103 genera\u021bie Straumann\u00ae BLX.<\/p>\n\n\n\n<p>Dac\u0103 e\u0219ti interesat de implanturile dentare ALL ON FOUR, contacteaz\u0103-ne ast\u0103zi pentru a programa o consulta\u021bie. Echipa noastr\u0103 cu experien\u021b\u0103 \u00ee\u021bi va r\u0103spunde la orice \u00eentreb\u0103ri pe care le ai \u0219i te va ajuta s\u0103 determini dac\u0103 aceast\u0103 procedur\u0103 este potrivit\u0103 pentru tine.<\/p>\n\n\n<div class=\"gb-container gb-container-c87d64e3\"><div class=\"gb-inside-container\">\n\n<p class=\"has-text-align-center\">Programa\u021bi-v\u0103 pentru o consulta\u021bie ini\u021bial\u0103 \u00een clinica noastr\u0103 \u0219i noi v\u0103 garant\u0103m c\u0103 ve\u021bi beneficia de toat\u0103 aten\u021bia echipei noastre medicale.<\/p>\n\n\n\n<p class=\"has-text-align-center\">Pentru program\u0103ri, apela\u021bi:<\/p>\n\n\n\n<h3 class=\"gb-headline gb-headline-a8d8c91b gb-headline-text\"><strong><a href=\"tel:0349 402 814\">0349 402 814<\/a><\/strong><\/h3>\n\n<\/div><\/div>\n\n\n<p class=\"has-text-align-center\">sau ap\u0103sa\u021bi butonul de mai jos:<\/p>\n\n\n\n<div class=\"wp-block-buttons is-horizontal is-content-justification-center is-layout-flex wp-container-core-buttons-layout-1 wp-block-buttons-is-layout-flex\">\n<div class=\"wp-block-button main-button is-style-outline sg-popup-id-1058\"><a class=\"wp-block-button__link has-accent-color has-base-3-background-color has-text-color has-background wp-element-button\">PROGRAMEAZ\u0102-TE<\/a><\/div>\n<\/div>\n\n\n\n<div style=\"height:48px\" aria-hidden=\"true\" class=\"wp-block-spacer\"><\/div>\n\n\n<div class=\"gb-container gb-container-9695d895\">\n\n<h3 class=\"gb-headline gb-headline-5fc83326 gb-headline-text\"><strong>Ce spun pacien\u021bii despre Victoria?<\/strong><\/h3>\n\n\n<div data-src=\"https:\/\/cdn.trustindex.io\/loader.js?1c089f81344710612b66135932d\"><\/div>\n\n<\/div>","protected":false},"excerpt":{"rendered":"<p>Implanturi Dentare ALL ON FOUR Clinica Dentar\u0103 Victoria Slatina Te-ai s\u0103turat s\u0103 tr\u0103ie\u0219ti cu din\u021bi lips\u0103 sau proteze dentare incomode? Implanturile dentare ALL ON FOUR pot fi solu\u021bia pe care o cau\u021bi. Aceast\u0103 procedur\u0103 inovatoare folose\u0219te doar patru implanturi pentru a sus\u021bine o arcada complet\u0103 de din\u021bi de \u00eenlocuire, oferind o solu\u021bie permanent\u0103 \u0219i cu &#8230; <a title=\"Implanturile Dentare ALL ON FOUR\" class=\"read-more\" href=\"https:\/\/clinicavictoria.ro\/slatina\/all-on-four\/\" aria-label=\"Read more about Implanturile Dentare ALL ON FOUR\">Read more<\/a><\/p>\n","protected":false},"author":3,"featured_media":2325,"parent":0,"menu_order":0,"comment_status":"closed","ping_status":"closed","template":"","meta":{"inline_featured_image":false,"footnotes":""},"yoast_head":"<!-- This site is optimized with the Yoast SEO plugin v23.5 - https:\/\/yoast.com\/wordpress\/plugins\/seo\/ -->\n<title>Implanturi Dentare ALL ON FOUR | Clinica Victoria Slatina<\/title>\n<meta name=\"description\" content=\"Te-ai s\u0103turat s\u0103 tr\u0103ie\u0219ti cu din\u021bi lips\u0103 sau proteze dentare incomode? Implanturile dentare ALL ON FOUR pot fi solu\u021bia pe care o cau\u021bi.\" \/>\n<meta name=\"robots\" content=\"index, follow, max-snippet:-1, max-image-preview:large, max-video-preview:-1\" \/>\n<link rel=\"canonical\" href=\"https:\/\/clinicavictoria.ro\/slatina\/all-on-four\/\" \/>\n<meta property=\"og:locale\" content=\"en_US\" \/>\n<meta property=\"og:type\" content=\"article\" \/>\n<meta property=\"og:title\" content=\"Implanturi Dentare ALL ON FOUR | Clinica Victoria Slatina\" \/>\n<meta property=\"og:description\" content=\"Te-ai s\u0103turat s\u0103 tr\u0103ie\u0219ti cu din\u021bi lips\u0103 sau proteze dentare incomode? Implanturile dentare ALL ON FOUR pot fi solu\u021bia pe care o cau\u021bi.\" \/>\n<meta property=\"og:url\" content=\"https:\/\/clinicavictoria.ro\/slatina\/all-on-four\/\" \/>\n<meta property=\"og:site_name\" content=\"Clinica dentar\u0103 Victoria - Slatina\" \/>\n<meta property=\"article:modified_time\" content=\"2026-03-13T08:48:53+00:00\" \/>\n<meta property=\"og:image\" content=\"https:\/\/clinicavictoria.ro\/slatina\/wp-content\/uploads\/2023\/03\/implanturi-dentare-all-on-four.jpg\" \/>\n\t<meta property=\"og:image:width\" content=\"1080\" \/>\n\t<meta property=\"og:image:height\" content=\"1080\" \/>\n\t<meta property=\"og:image:type\" content=\"image\/jpeg\" \/>\n<meta name=\"twitter:card\" content=\"summary_large_image\" \/>\n<meta name=\"twitter:label1\" content=\"Est. reading time\" \/>\n\t<meta name=\"twitter:data1\" content=\"4 minutes\" \/>\n<script type=\"application\/ld+json\" class=\"yoast-schema-graph\">{\"@context\":\"https:\/\/schema.org\",\"@graph\":[{\"@type\":\"WebPage\",\"@id\":\"https:\/\/clinicavictoria.ro\/slatina\/all-on-four\/\",\"url\":\"https:\/\/clinicavictoria.ro\/slatina\/all-on-four\/\",\"name\":\"Implanturi Dentare ALL ON FOUR | Clinica Victoria Slatina\",\"isPartOf\":{\"@id\":\"https:\/\/clinicavictoria.ro\/slatina\/#website\"},\"primaryImageOfPage\":{\"@id\":\"https:\/\/clinicavictoria.ro\/slatina\/all-on-four\/#primaryimage\"},\"image\":{\"@id\":\"https:\/\/clinicavictoria.ro\/slatina\/all-on-four\/#primaryimage\"},\"thumbnailUrl\":\"https:\/\/clinicavictoria.ro\/slatina\/wp-content\/uploads\/2023\/03\/implanturi-dentare-all-on-four.jpg\",\"datePublished\":\"2023-03-03T11:11:39+00:00\",\"dateModified\":\"2026-03-13T08:48:53+00:00\",\"description\":\"Te-ai s\u0103turat s\u0103 tr\u0103ie\u0219ti cu din\u021bi lips\u0103 sau proteze dentare incomode? Implanturile dentare ALL ON FOUR pot fi solu\u021bia pe care o cau\u021bi.\",\"breadcrumb\":{\"@id\":\"https:\/\/clinicavictoria.ro\/slatina\/all-on-four\/#breadcrumb\"},\"inLanguage\":\"en-US\",\"potentialAction\":[{\"@type\":\"ReadAction\",\"target\":[\"https:\/\/clinicavictoria.ro\/slatina\/all-on-four\/\"]}]},{\"@type\":\"ImageObject\",\"inLanguage\":\"en-US\",\"@id\":\"https:\/\/clinicavictoria.ro\/slatina\/all-on-four\/#primaryimage\",\"url\":\"https:\/\/clinicavictoria.ro\/slatina\/wp-content\/uploads\/2023\/03\/implanturi-dentare-all-on-four.jpg\",\"contentUrl\":\"https:\/\/clinicavictoria.ro\/slatina\/wp-content\/uploads\/2023\/03\/implanturi-dentare-all-on-four.jpg\",\"width\":1080,\"height\":1080,\"caption\":\"implanturi dentare all on four\"},{\"@type\":\"BreadcrumbList\",\"@id\":\"https:\/\/clinicavictoria.ro\/slatina\/all-on-four\/#breadcrumb\",\"itemListElement\":[{\"@type\":\"ListItem\",\"position\":1,\"name\":\"Home\",\"item\":\"https:\/\/clinicavictoria.ro\/slatina\/\"},{\"@type\":\"ListItem\",\"position\":2,\"name\":\"Implanturile Dentare ALL ON FOUR\"}]},{\"@type\":\"WebSite\",\"@id\":\"https:\/\/clinicavictoria.ro\/slatina\/#website\",\"url\":\"https:\/\/clinicavictoria.ro\/slatina\/\",\"name\":\"Clinica dentar\u0103 Victoria - Slatina\",\"description\":\"\",\"publisher\":{\"@id\":\"https:\/\/clinicavictoria.ro\/slatina\/#organization\"},\"potentialAction\":[{\"@type\":\"SearchAction\",\"target\":{\"@type\":\"EntryPoint\",\"urlTemplate\":\"https:\/\/clinicavictoria.ro\/slatina\/?s={search_term_string}\"},\"query-input\":{\"@type\":\"PropertyValueSpecification\",\"valueRequired\":true,\"valueName\":\"search_term_string\"}}],\"inLanguage\":\"en-US\"},{\"@type\":\"Organization\",\"@id\":\"https:\/\/clinicavictoria.ro\/slatina\/#organization\",\"name\":\"Clinica dentar\u0103 Victoria - Slatina\",\"url\":\"https:\/\/clinicavictoria.ro\/slatina\/\",\"logo\":{\"@type\":\"ImageObject\",\"inLanguage\":\"en-US\",\"@id\":\"https:\/\/clinicavictoria.ro\/slatina\/#\/schema\/logo\/image\/\",\"url\":\"https:\/\/clinicavictoria.ro\/slatina\/wp-content\/uploads\/2022\/08\/logo_clinicavictoria_sl.png\",\"contentUrl\":\"https:\/\/clinicavictoria.ro\/slatina\/wp-content\/uploads\/2022\/08\/logo_clinicavictoria_sl.png\",\"width\":700,\"height\":190,\"caption\":\"Clinica dentar\u0103 Victoria - Slatina\"},\"image\":{\"@id\":\"https:\/\/clinicavictoria.ro\/slatina\/#\/schema\/logo\/image\/\"}}]}<\/script>\n<!-- \/ Yoast SEO plugin. -->","yoast_head_json":{"title":"Implanturi Dentare ALL ON FOUR | Clinica Victoria Slatina","description":"Te-ai s\u0103turat s\u0103 tr\u0103ie\u0219ti cu din\u021bi lips\u0103 sau proteze dentare incomode? Implanturile dentare ALL ON FOUR pot fi solu\u021bia pe care o cau\u021bi.","robots":{"index":"index","follow":"follow","max-snippet":"max-snippet:-1","max-image-preview":"max-image-preview:large","max-video-preview":"max-video-preview:-1"},"canonical":"https:\/\/clinicavictoria.ro\/slatina\/all-on-four\/","og_locale":"en_US","og_type":"article","og_title":"Implanturi Dentare ALL ON FOUR | Clinica Victoria Slatina","og_description":"Te-ai s\u0103turat s\u0103 tr\u0103ie\u0219ti cu din\u021bi lips\u0103 sau proteze dentare incomode? Implanturile dentare ALL ON FOUR pot fi solu\u021bia pe care o cau\u021bi.","og_url":"https:\/\/clinicavictoria.ro\/slatina\/all-on-four\/","og_site_name":"Clinica dentar\u0103 Victoria - Slatina","article_modified_time":"2026-03-13T08:48:53+00:00","og_image":[{"width":1080,"height":1080,"url":"https:\/\/clinicavictoria.ro\/slatina\/wp-content\/uploads\/2023\/03\/implanturi-dentare-all-on-four.jpg","type":"image\/jpeg"}],"twitter_card":"summary_large_image","twitter_misc":{"Est. reading time":"4 minutes"},"schema":{"@context":"https:\/\/schema.org","@graph":[{"@type":"WebPage","@id":"https:\/\/clinicavictoria.ro\/slatina\/all-on-four\/","url":"https:\/\/clinicavictoria.ro\/slatina\/all-on-four\/","name":"Implanturi Dentare ALL ON FOUR | Clinica Victoria Slatina","isPartOf":{"@id":"https:\/\/clinicavictoria.ro\/slatina\/#website"},"primaryImageOfPage":{"@id":"https:\/\/clinicavictoria.ro\/slatina\/all-on-four\/#primaryimage"},"image":{"@id":"https:\/\/clinicavictoria.ro\/slatina\/all-on-four\/#primaryimage"},"thumbnailUrl":"https:\/\/clinicavictoria.ro\/slatina\/wp-content\/uploads\/2023\/03\/implanturi-dentare-all-on-four.jpg","datePublished":"2023-03-03T11:11:39+00:00","dateModified":"2026-03-13T08:48:53+00:00","description":"Te-ai s\u0103turat s\u0103 tr\u0103ie\u0219ti cu din\u021bi lips\u0103 sau proteze dentare incomode? Implanturile dentare ALL ON FOUR pot fi solu\u021bia pe care o cau\u021bi.","breadcrumb":{"@id":"https:\/\/clinicavictoria.ro\/slatina\/all-on-four\/#breadcrumb"},"inLanguage":"en-US","potentialAction":[{"@type":"ReadAction","target":["https:\/\/clinicavictoria.ro\/slatina\/all-on-four\/"]}]},{"@type":"ImageObject","inLanguage":"en-US","@id":"https:\/\/clinicavictoria.ro\/slatina\/all-on-four\/#primaryimage","url":"https:\/\/clinicavictoria.ro\/slatina\/wp-content\/uploads\/2023\/03\/implanturi-dentare-all-on-four.jpg","contentUrl":"https:\/\/clinicavictoria.ro\/slatina\/wp-content\/uploads\/2023\/03\/implanturi-dentare-all-on-four.jpg","width":1080,"height":1080,"caption":"implanturi dentare all on four"},{"@type":"BreadcrumbList","@id":"https:\/\/clinicavictoria.ro\/slatina\/all-on-four\/#breadcrumb","itemListElement":[{"@type":"ListItem","position":1,"name":"Home","item":"https:\/\/clinicavictoria.ro\/slatina\/"},{"@type":"ListItem","position":2,"name":"Implanturile Dentare ALL ON FOUR"}]},{"@type":"WebSite","@id":"https:\/\/clinicavictoria.ro\/slatina\/#website","url":"https:\/\/clinicavictoria.ro\/slatina\/","name":"Clinica dentar\u0103 Victoria - Slatina","description":"","publisher":{"@id":"https:\/\/clinicavictoria.ro\/slatina\/#organization"},"potentialAction":[{"@type":"SearchAction","target":{"@type":"EntryPoint","urlTemplate":"https:\/\/clinicavictoria.ro\/slatina\/?s={search_term_string}"},"query-input":{"@type":"PropertyValueSpecification","valueRequired":true,"valueName":"search_term_string"}}],"inLanguage":"en-US"},{"@type":"Organization","@id":"https:\/\/clinicavictoria.ro\/slatina\/#organization","name":"Clinica dentar\u0103 Victoria - Slatina","url":"https:\/\/clinicavictoria.ro\/slatina\/","logo":{"@type":"ImageObject","inLanguage":"en-US","@id":"https:\/\/clinicavictoria.ro\/slatina\/#\/schema\/logo\/image\/","url":"https:\/\/clinicavictoria.ro\/slatina\/wp-content\/uploads\/2022\/08\/logo_clinicavictoria_sl.png","contentUrl":"https:\/\/clinicavictoria.ro\/slatina\/wp-content\/uploads\/2022\/08\/logo_clinicavictoria_sl.png","width":700,"height":190,"caption":"Clinica dentar\u0103 Victoria - Slatina"},"image":{"@id":"https:\/\/clinicavictoria.ro\/slatina\/#\/schema\/logo\/image\/"}}]}},"_links":{"self":[{"href":"https:\/\/clinicavictoria.ro\/slatina\/wp-json\/wp\/v2\/pages\/2324"}],"collection":[{"href":"https:\/\/clinicavictoria.ro\/slatina\/wp-json\/wp\/v2\/pages"}],"about":[{"href":"https:\/\/clinicavictoria.ro\/slatina\/wp-json\/wp\/v2\/types\/page"}],"author":[{"embeddable":true,"href":"https:\/\/clinicavictoria.ro\/slatina\/wp-json\/wp\/v2\/users\/3"}],"replies":[{"embeddable":true,"href":"https:\/\/clinicavictoria.ro\/slatina\/wp-json\/wp\/v2\/comments?post=2324"}],"version-history":[{"count":8,"href":"https:\/\/clinicavictoria.ro\/slatina\/wp-json\/wp\/v2\/pages\/2324\/revisions"}],"predecessor-version":[{"id":2397,"href":"https:\/\/clinicavictoria.ro\/slatina\/wp-json\/wp\/v2\/pages\/2324\/revisions\/2397"}],"wp:featuredmedia":[{"embeddable":true,"href":"https:\/\/clinicavictoria.ro\/slatina\/wp-json\/wp\/v2\/media\/2325"}],"wp:attachment":[{"href":"https:\/\/clinicavictoria.ro\/slatina\/wp-json\/wp\/v2\/media?parent=2324"}],"curies":[{"name":"wp","href":"https:\/\/api.w.org\/{rel}","templated":true}]}}