{"id":1768,"date":"2022-05-20T13:24:44","date_gmt":"2022-05-20T10:24:44","guid":{"rendered":"https:\/\/clinicavictoria.ro\/slatina\/?page_id=1768"},"modified":"2024-02-01T16:34:52","modified_gmt":"2024-02-01T13:34:52","slug":"profilaxie","status":"publish","type":"page","link":"https:\/\/clinicavictoria.ro\/slatina\/profilaxie\/","title":{"rendered":"Profilaxie"},"content":{"rendered":"<div class=\"gb-container gb-container-faede559\"><div class=\"gb-inside-container\">\n\n<h1 class=\"gb-headline gb-headline-1f5c767b gb-headline-text\">Profilaxie<\/h1>\n\n\n\n<div class=\"line-separator\"><\/div>\n\n\n\n<h6 class=\"gb-headline gb-headline-d4b56e91 gb-headline-text\"><strong><strong>Clinica Dentar\u0103 Victoria Slatina<\/strong><\/strong><\/h6>\n\n\n\n<p class=\"has-text-align-center\">\u00cen cadrul specializ\u0103rii de Profilaxie din Slatina, medicii stomatologi ajut\u0103 pacien\u021bii s\u0103-\u0219i p\u0103streze din\u021bii naturali \u0219i s\u0103n\u0103to\u0219i c\u00e2t mai mult timp, oferindu-le servicii de preven\u021bie pentru apari\u021bia afec\u021biunilor parodontale \u0219i dentare.<\/p>\n\n\n<div class=\"wp-block-image\">\n<figure class=\"aligncenter size-full\"><img loading=\"lazy\" decoding=\"async\" width=\"1200\" height=\"600\" src=\"https:\/\/clinicavictoria.ro\/slatina\/wp-content\/uploads\/2022\/08\/profilaxie-slatina.webp\" alt=\"profilaxie slatina\" class=\"wp-image-2257\" srcset=\"https:\/\/clinicavictoria.ro\/slatina\/wp-content\/uploads\/2022\/08\/profilaxie-slatina.webp 1200w, https:\/\/clinicavictoria.ro\/slatina\/wp-content\/uploads\/2022\/08\/profilaxie-slatina-300x150.webp 300w, https:\/\/clinicavictoria.ro\/slatina\/wp-content\/uploads\/2022\/08\/profilaxie-slatina-1024x512.webp 1024w, https:\/\/clinicavictoria.ro\/slatina\/wp-content\/uploads\/2022\/08\/profilaxie-slatina-768x384.webp 768w\" sizes=\"(max-width: 1200px) 100vw, 1200px\" \/><\/figure><\/div>\n\n\n<div style=\"height:10px\" aria-hidden=\"true\" class=\"wp-block-spacer\"><\/div>\n\n\n\n<h5 class=\"gb-headline gb-headline-3dba0a8b gb-headline-text\"><strong><strong>De ce este important\u0103 profilaxia dentar\u0103?<\/strong><\/strong><\/h5>\n\n\n\n<p>Efectuarea controlului stomatologic periodic \u0219i a procedurilor profesionale de igien\u0103 sunt esen\u021biale pentru a preveni apari\u021bia problemelor dentare sau pentru depistarea lor \u00een stadiu incipient. Este mai u\u0219or s\u0103 prevenim dec\u00e2t s\u0103 trat\u0103m. Profilaxia dentar\u0103 include o serie de proceduri stomatologice care se fac pentru a preveni apari\u021bia problemelor stomatologice.<\/p>\n\n\n\n<h5 class=\"gb-headline gb-headline-347b8bde gb-headline-text\"><strong><strong><strong>Serviciile de profilaxie<\/strong> din cadrul clinicii noastre<\/strong>:<\/strong><\/h5>\n\n\n\n<ul class=\"list-number-elements\">\n<li>Igienizarea profesional\u0103 care are rolul de a \u00eendep\u0103rta placa bacterian\u0103 \u0219i tartrul acumulat la nivelul din\u021bilor;<\/li>\n\n\n\n<li>Fluorizarea dentar\u0103, manoper\u0103 prin care prevenim apari\u021bia cariilor dentare;<\/li>\n\n\n\n<li>Sigilarea din\u021bilor temporari \u0219i permanen\u021bi.<\/li>\n<\/ul>\n\n<\/div><\/div>\n\n\n<h5 class=\"gb-headline gb-headline-6cae8fc9 gb-headline-text\"><strong><strong>De ce este important\u0103 igiena oral\u0103?<\/strong><\/strong><\/h5>\n\n\n\n<p>Fiecare pacient trebuie s\u0103 fie con\u0219tient de importan\u021ba igienei orale. Men\u021binerea s\u0103n\u0103t\u0103\u021bii orale se realizeaz\u0103 prin periajul dentar efectuat de cel pu\u021bin 2 ori pe zi asociat cu utilizarea a\u021bei dentare, a periu\u021belor interdentare, a apei de gur\u0103 \u0219i a du\u0219ului bucal, dar mai ales prin igienizarea profesional\u0103 realizat\u0103 \u00een cabinetul stomatologic.<\/p>\n\n\n\n<p><strong>Profilaxia dentar\u0103<\/strong> face parte din programul de preventie dentar\u0103 \u0219i se recomand\u0103 a fi efectuat\u0103 de 2 ori pe an al\u0103turi de consulta\u021bia periodic\u0103 \u00een care medicul evalueaz\u0103 starea de s\u0103n\u0103tate oral\u0103 a pacientului. Medicul stomatolog are un rol esen\u021bial \u0219i \u00een instruirea pacientului pentru efectuarea unei igieniz\u0103ri corecte.  Acesta ajut\u0103 pacientul s\u0103 aleag\u0103 tipul de periu\u021b\u0103 dentar\u0103 \u0219i s\u0103-\u0219i \u00eensu\u0219easc\u0103 tehnic\u0103 de periaj adaptat\u0103 nevoilor sale. \u00cen clinica noastr\u0103 pacien\u021bii beneficiaz\u0103 de o igienizare profesional\u0103 complet\u0103 care const\u0103 \u00een detartraj supra\/subgingival, airflow \u0219i periaj profesional.<\/p>\n\n\n\n<p><strong>Detartrajul<\/strong> are rolul de a \u00eendep\u0103rta tartrul de pe suprafa\u021ba din\u021bilor naturali, lucr\u0103rilor dentare \u0219i din jurul bracket-urilor. Acesta nu trebuie am\u00e2nat deoarece acumularea tartrului pe o perioad\u0103 \u00eendelungat\u0103 poate produce carii \u0219i afecta \u021besuturile gingivale. Fum\u0103torilor, purt\u0103torilor de aparat ortodontic \u0219i celor cu boal\u0103 parodontal\u0103 le este recomandat detartrajul la o period\u0103 mai scurt\u0103 de timp, la interval de 3-4 luni.<\/p>\n\n\n\n<p><strong>Airflow-ul<\/strong> este o procedur\u0103 care completeaz\u0103 detartrajul, \u00eendep\u0103rt\u00e2nd petele \u0219i depunerile de plac\u0103 dentar\u0103 prin jetul de ap\u0103, aer \u0219i particulele fine de bicarbonat de sodiu eliberate.<\/p>\n\n\n\n<p><strong>Igienizarea profesional\u0103<\/strong> este un tratament stomatologic non-invaziv \u0219i accesibil din punct de vedere financiar care asigur\u0103 s\u0103n\u0103tatea din\u021bilor naturali, dar \u0219i men\u021binerea pentru o perioad\u0103 de timp mai \u00eendelungat\u0103 a lucr\u0103rilor protetice existente. Lipsa acestei proceduri stomatologice favorizeaz\u0103 apari\u021bia bolilor la nivelul cavit\u0103\u021bii orale precum: caria, gingivita cronic\u0103, boala parodontal\u0103. Aceste afec\u021biuni devin focare dentare care pot da complica\u021bii septice, periclit\u00e2nd astfel s\u0103n\u0103tatea \u00eentregului organism.<\/p>\n\n\n\n<p class=\"has-text-align-center\">Dot\u0103rile tehnologice de ultim\u0103 genera\u021bie \u0219i personalul medical cu experien\u021b\u0103 v\u0103 vor asigura servicii de profilaxie \u0219i planuri de tratament cu maxim de confort, siguran\u021b\u0103 \u0219i eficien\u021b\u0103.<\/p>\n\n\n\n<div style=\"height:17px\" aria-hidden=\"true\" class=\"wp-block-spacer\"><\/div>\n\n\n<div class=\"gb-container gb-container-fce2726a\"><div class=\"gb-inside-container\">\n\n<h5 class=\"gb-headline gb-headline-e1e6abc4 gb-headline-text\"><strong>Medici speciali\u0219ti profilaxie<\/strong><\/h5>\n\n\n<div class=\"gb-grid-wrapper gb-grid-wrapper-9a10721a contaier-box-with-shadow\">\n<div class=\"gb-grid-column gb-grid-column-71ceb572\"><div class=\"gb-container gb-container-71ceb572\"><div class=\"gb-inside-container\">\n\n<figure class=\"wp-block-image size-full\"><img loading=\"lazy\" decoding=\"async\" width=\"600\" height=\"900\" src=\"https:\/\/clinicavictoria.ro\/slatina\/wp-content\/uploads\/2022\/08\/Dr.-Fojica-Radu-medic-stomatolog-Clinica-Dentara-Victoria.webp\" alt=\"Dr. Fojica Radu medic stomatolog Clinica Dentara Victoria\" class=\"wp-image-2246\" srcset=\"https:\/\/clinicavictoria.ro\/slatina\/wp-content\/uploads\/2022\/08\/Dr.-Fojica-Radu-medic-stomatolog-Clinica-Dentara-Victoria.webp 600w, https:\/\/clinicavictoria.ro\/slatina\/wp-content\/uploads\/2022\/08\/Dr.-Fojica-Radu-medic-stomatolog-Clinica-Dentara-Victoria-200x300.webp 200w\" sizes=\"(max-width: 600px) 100vw, 600px\" \/><\/figure>\n\n\n\n<div style=\"height:16px\" aria-hidden=\"true\" class=\"wp-block-spacer\"><\/div>\n\n\n\n<h5 class=\"gb-headline gb-headline-3052cadc gb-headline-text\"><strong>Dr. Fojic\u0103 Radu<\/strong><\/h5>\n\n\n\n<div class=\"line-separator\"><\/div>\n\n\n\n<p class=\"has-text-align-center\"><strong>Medic Specialist Stomatologie &#8211; Profilaxie<\/strong><\/p>\n\n<\/div><\/div><\/div>\n\n<div class=\"gb-grid-column gb-grid-column-9f6b080b\"><div class=\"gb-container gb-container-9f6b080b\"><div class=\"gb-inside-container\">\n\n<figure class=\"wp-block-image size-full\"><img loading=\"lazy\" decoding=\"async\" width=\"600\" height=\"900\" src=\"https:\/\/clinicavictoria.ro\/slatina\/wp-content\/uploads\/2022\/08\/Dr.-Calinescu-Adrian-medic-stomatolog-Clinica-Dentara-Victoria.webp\" alt=\"Dr. Calinescu Adrian medic stomatolog Clinica Dentara Victoria\" class=\"wp-image-2248\" srcset=\"https:\/\/clinicavictoria.ro\/slatina\/wp-content\/uploads\/2022\/08\/Dr.-Calinescu-Adrian-medic-stomatolog-Clinica-Dentara-Victoria.webp 600w, https:\/\/clinicavictoria.ro\/slatina\/wp-content\/uploads\/2022\/08\/Dr.-Calinescu-Adrian-medic-stomatolog-Clinica-Dentara-Victoria-200x300.webp 200w\" sizes=\"(max-width: 600px) 100vw, 600px\" \/><\/figure>\n\n\n\n<div style=\"height:16px\" aria-hidden=\"true\" class=\"wp-block-spacer\"><\/div>\n\n\n\n<h5 class=\"gb-headline gb-headline-c9a7daba gb-headline-text\"><strong>Dr. C\u0103linescu Adrian<\/strong><\/h5>\n\n\n\n<div class=\"line-separator\"><\/div>\n\n\n\n<p class=\"has-text-align-center\"><strong>Medic Specialist Stomatologie &#8211; Profilaxie<\/strong><\/p>\n\n<\/div><\/div><\/div>\n<\/div>\n<\/div><\/div>\n\n\n<div style=\"height:32px\" aria-hidden=\"true\" class=\"wp-block-spacer\"><\/div>\n\n\n<div class=\"gb-container gb-container-c87d64e3\"><div class=\"gb-inside-container\">\n\n<p class=\"has-text-align-center\">Programa\u021bi-v\u0103 pentru o consulta\u021bie ini\u021bial\u0103 \u00een clinica noastr\u0103 \u0219i noi v\u0103 garant\u0103m c\u0103 ve\u021bi beneficia de toat\u0103 aten\u021bia echipei noastre medicale.<\/p>\n\n\n\n<p class=\"has-text-align-center\">Pentru program\u0103ri, apela\u021bi:<\/p>\n\n\n\n<h3 class=\"gb-headline gb-headline-a8d8c91b gb-headline-text\"><strong><a href=\"tel:0349 402 814\">0349 402 814<\/a><\/strong><\/h3>\n\n<\/div><\/div>\n\n\n<p class=\"has-text-align-center\">sau ap\u0103sa\u021bi butonul de mai jos:<\/p>\n\n\n\n<div class=\"wp-block-buttons is-horizontal is-content-justification-center is-layout-flex wp-container-core-buttons-layout-1 wp-block-buttons-is-layout-flex\">\n<div class=\"wp-block-button main-button is-style-outline sg-popup-id-1058\"><a class=\"wp-block-button__link has-accent-color has-base-3-background-color has-text-color has-background wp-element-button\">PROGRAMEAZ\u0102-TE<\/a><\/div>\n<\/div>\n\n\n\n<div style=\"height:32px\" aria-hidden=\"true\" class=\"wp-block-spacer\"><\/div>\n\n\n\n<h5 class=\"gb-headline gb-headline-1fffb57e gb-headline-text\"><strong><strong>C\u00e2t de des este recomandat controlul stomatologic periodic?<\/strong><\/strong><\/h5>\n\n\n\n<p>Controlul stomatologic periodic se face o dat\u0103 la \u0219ase luni. Pacien\u021bii care au suferit implanturi dentare, tratamente ortodontice sau lucr\u0103ri protetice trebuie s\u0103 se prezinte mai des la cabinet. Pentru fum\u0103tori, este obligatoriu controlul la fiecare trei luni.<\/p>\n\n\n\n<h5 class=\"gb-headline gb-headline-71cddb55 gb-headline-text\"><strong><strong>Avantajele de a beneficia de toate serviciile dentare \u00eentr-o sigur\u0103 loca\u021bie.<\/strong><\/strong><\/h5>\n\n\n\n<p>Un sistem complet de servicii \u00een aceea\u0219i loca\u021bie acoper\u0103 toate nevoile \u0219i problemele posibile ale pacientului, f\u0103r\u0103 a-l pune pe drumuri. Pe de alt\u0103 parte, un singur aspect terapeutic poate fi privit \u00een ansamblu de mai mul\u021bi speciali\u0219ti, din mai multe unghiuri, astfel \u00eenc\u00e2t pacientul s\u0103 nu \u00ee\u0219i pun\u0103 problema dac\u0103 a primit cel mai bun sfat sau cel mai bun plan de tratament, \u00eentruc\u00e2t \u00een cadrul clinicilor Victoria poate beneficia si de opinia medicului chirurg, \u0219i de cea a medicului ortodont, endodont, sau de alte specialit\u0103\u021bi, pl\u0103tind doar pentru o singur\u0103 consulta\u021bie.<\/p>\n\n\n\n<div style=\"height:32px\" aria-hidden=\"true\" class=\"wp-block-spacer\"><\/div>\n\n\n<div class=\"gb-container gb-container-c72f458e\"><div class=\"gb-inside-container\">\n\n<h5 class=\"gb-headline gb-headline-95b090dd gb-headline-text\"><strong>Pre\u021buri<\/strong><\/h5>\n\n\n\n<figure class=\"wp-block-table is-style-stripes styled-table\"><table><thead><tr><th class=\"has-text-align-left\" data-align=\"left\"><strong>Nume Serviciu<\/strong><\/th><th class=\"has-text-align-center\" data-align=\"center\"><strong>Pre<strong>\u021b<\/strong> (Lei)<\/strong><\/th><\/tr><\/thead><tbody><tr><td class=\"has-text-align-left\" data-align=\"left\">Albire cu lampa \/ arcad\u0103<\/td><td class=\"has-text-align-center\" data-align=\"center\">600<\/td><\/tr><tr><td class=\"has-text-align-left\" data-align=\"left\">Igienizare dentar\u0103 profesional\u0103 \/ arcad\u0103<\/td><td class=\"has-text-align-center\" data-align=\"center\">125<\/td><\/tr><\/tbody><\/table><\/figure>\n\n<\/div><\/div>\n\n\n<p>Pentru alte servicii de profilaxie care nu se afl\u0103 \u00een aceast\u0103 list\u0103, v\u0103 rug\u0103m s\u0103 contacta\u021bi colegele noastre din clinic\u0103 la num\u0103rul de telefon <strong><a href=\"tel:0349 402 814\">0349 402 814<\/a><\/strong>.<\/p>\n\n\n\n<div style=\"height:32px\" aria-hidden=\"true\" class=\"wp-block-spacer\"><\/div>\n\n\n<div class=\"gb-container gb-container-ee1bd535\"><div class=\"gb-inside-container\">\n\n<h6 class=\"gb-headline gb-headline-e273090e gb-headline-text\"><strong>Scurta prezentare video a clinicii noastre:<\/strong><\/h6>\n\n\n\n<figure class=\"wp-block-embed is-type-video is-provider-youtube wp-block-embed-youtube wp-embed-aspect-16-9 wp-has-aspect-ratio\"><div class=\"wp-block-embed__wrapper\">\n<div class=\"epyt-video-wrapper\"><div  id=\"_ytid_52512\"  width=\"1200\" height=\"675\"  data-origwidth=\"1200\" data-origheight=\"675\" data-facadesrc=\"https:\/\/www.youtube.com\/embed\/6EsvMGnHlEw?enablejsapi=1&#038;autoplay=0&#038;cc_load_policy=0&#038;cc_lang_pref=&#038;iv_load_policy=1&#038;loop=0&#038;rel=0&#038;fs=1&#038;playsinline=0&#038;autohide=2&#038;theme=dark&#038;color=red&#038;controls=1&#038;disablekb=0&#038;\" class=\"__youtube_prefs__ epyt-facade epyt-is-override  no-lazyload\" data-epautoplay=\"1\" ><img decoding=\"async\" data-spai-excluded=\"true\" class=\"epyt-facade-poster skip-lazy\" loading=\"lazy\"  alt=\"YouTube player\"  src=\"https:\/\/i.ytimg.com\/vi\/6EsvMGnHlEw\/maxresdefault.jpg\"  \/><button class=\"epyt-facade-play\" aria-label=\"Play\"><svg data-no-lazy=\"1\" height=\"100%\" version=\"1.1\" viewBox=\"0 0 68 48\" width=\"100%\"><path class=\"ytp-large-play-button-bg\" d=\"M66.52,7.74c-0.78-2.93-2.49-5.41-5.42-6.19C55.79,.13,34,0,34,0S12.21,.13,6.9,1.55 C3.97,2.33,2.27,4.81,1.48,7.74C0.06,13.05,0,24,0,24s0.06,10.95,1.48,16.26c0.78,2.93,2.49,5.41,5.42,6.19 C12.21,47.87,34,48,34,48s21.79-0.13,27.1-1.55c2.93-0.78,4.64-3.26,5.42-6.19C67.94,34.95,68,24,68,24S67.94,13.05,66.52,7.74z\" fill=\"#f00\"><\/path><path d=\"M 45,24 27,14 27,34\" fill=\"#fff\"><\/path><\/svg><\/button><\/div><\/div>\n<\/div><\/figure>\n\n\n\n<p class=\"has-text-align-center\">\u0218tim c\u0103 v\u0103 dori\u021bi s\u0103 g\u0103si\u021bi cea mai bun\u0103 cale de rezolvare a problemelor dumneavoastr\u0103 dentare, de aceea echipa noastr\u0103 de speciali\u0219ti este gata s\u0103 v\u0103 ajute.<\/p>\n\n\n<div class=\"gb-container gb-container-9ce8eccf\"><div class=\"gb-inside-container\">\n\n<div class=\"wp-block-buttons is-horizontal is-content-justification-center is-layout-flex wp-container-core-buttons-layout-2 wp-block-buttons-is-layout-flex\">\n<div class=\"wp-block-button is-style-outline main-button sg-popup-id-1058\"><a class=\"wp-block-button__link has-accent-color has-base-3-background-color has-text-color has-background wp-element-button\" style=\"border-radius:20px\"><meta charset=\"utf-8\">PROGRAMEAZ\u0102-TE<\/a><\/div>\n<\/div>\n\n<\/div><\/div>\n<\/div><\/div>","protected":false},"excerpt":{"rendered":"<p>Profilaxie Clinica Dentar\u0103 Victoria Slatina \u00cen cadrul specializ\u0103rii de Profilaxie din Slatina, medicii stomatologi ajut\u0103 pacien\u021bii s\u0103-\u0219i p\u0103streze din\u021bii naturali \u0219i s\u0103n\u0103to\u0219i c\u00e2t mai mult timp, oferindu-le servicii de preven\u021bie pentru apari\u021bia afec\u021biunilor parodontale \u0219i dentare. De ce este important\u0103 profilaxia dentar\u0103? Efectuarea controlului stomatologic periodic \u0219i a procedurilor profesionale de igien\u0103 sunt esen\u021biale pentru &#8230; <a title=\"Profilaxie\" class=\"read-more\" href=\"https:\/\/clinicavictoria.ro\/slatina\/profilaxie\/\" aria-label=\"Read more about Profilaxie\">Read more<\/a><\/p>\n","protected":false},"author":3,"featured_media":2209,"parent":0,"menu_order":0,"comment_status":"closed","ping_status":"closed","template":"","meta":{"inline_featured_image":false,"footnotes":""},"yoast_head":"<!-- This site is optimized with the Yoast SEO plugin v23.5 - https:\/\/yoast.com\/wordpress\/plugins\/seo\/ -->\n<title>Profilaxie Slatina | Clinica Dentar\u0103 Victoria<\/title>\n<meta name=\"description\" content=\"Clinica stomatologic\u0103 Victoria din Slatina ofer\u0103 pacien\u021bilor servicii de albire din\u021bi cu lamp\u0103 \u0219i igienizare dentar\u0103 profesional\u0103.\" \/>\n<meta name=\"robots\" content=\"index, follow, max-snippet:-1, max-image-preview:large, max-video-preview:-1\" \/>\n<link rel=\"canonical\" href=\"https:\/\/clinicavictoria.ro\/slatina\/profilaxie\/\" \/>\n<meta property=\"og:locale\" content=\"en_US\" \/>\n<meta property=\"og:type\" content=\"article\" \/>\n<meta property=\"og:title\" content=\"Profilaxie Slatina | Clinica Dentar\u0103 Victoria\" \/>\n<meta property=\"og:description\" content=\"Clinica stomatologic\u0103 Victoria din Slatina ofer\u0103 pacien\u021bilor servicii de albire din\u021bi cu lamp\u0103 \u0219i igienizare dentar\u0103 profesional\u0103.\" \/>\n<meta property=\"og:url\" content=\"https:\/\/clinicavictoria.ro\/slatina\/profilaxie\/\" \/>\n<meta property=\"og:site_name\" content=\"Clinica dentar\u0103 Victoria - Slatina\" \/>\n<meta property=\"article:modified_time\" content=\"2024-02-01T13:34:52+00:00\" \/>\n<meta property=\"og:image\" content=\"https:\/\/clinicavictoria.ro\/slatina\/wp-content\/uploads\/2022\/08\/featured-image-chirurgie-dentara-copy-copy-7.jpg\" \/>\n\t<meta property=\"og:image:width\" content=\"1080\" \/>\n\t<meta property=\"og:image:height\" content=\"1080\" \/>\n\t<meta property=\"og:image:type\" content=\"image\/jpeg\" \/>\n<meta name=\"twitter:card\" content=\"summary_large_image\" \/>\n<meta name=\"twitter:label1\" content=\"Est. reading time\" \/>\n\t<meta name=\"twitter:data1\" content=\"1 minute\" \/>\n<script type=\"application\/ld+json\" class=\"yoast-schema-graph\">{\"@context\":\"https:\/\/schema.org\",\"@graph\":[{\"@type\":\"WebPage\",\"@id\":\"https:\/\/clinicavictoria.ro\/slatina\/profilaxie\/\",\"url\":\"https:\/\/clinicavictoria.ro\/slatina\/profilaxie\/\",\"name\":\"Profilaxie Slatina | Clinica Dentar\u0103 Victoria\",\"isPartOf\":{\"@id\":\"https:\/\/clinicavictoria.ro\/slatina\/#website\"},\"primaryImageOfPage\":{\"@id\":\"https:\/\/clinicavictoria.ro\/slatina\/profilaxie\/#primaryimage\"},\"image\":{\"@id\":\"https:\/\/clinicavictoria.ro\/slatina\/profilaxie\/#primaryimage\"},\"thumbnailUrl\":\"https:\/\/clinicavictoria.ro\/slatina\/wp-content\/uploads\/2022\/08\/featured-image-chirurgie-dentara-copy-copy-7.jpg\",\"datePublished\":\"2022-05-20T10:24:44+00:00\",\"dateModified\":\"2024-02-01T13:34:52+00:00\",\"description\":\"Clinica stomatologic\u0103 Victoria din Slatina ofer\u0103 pacien\u021bilor servicii de albire din\u021bi cu lamp\u0103 \u0219i igienizare dentar\u0103 profesional\u0103.\",\"breadcrumb\":{\"@id\":\"https:\/\/clinicavictoria.ro\/slatina\/profilaxie\/#breadcrumb\"},\"inLanguage\":\"en-US\",\"potentialAction\":[{\"@type\":\"ReadAction\",\"target\":[\"https:\/\/clinicavictoria.ro\/slatina\/profilaxie\/\"]}]},{\"@type\":\"ImageObject\",\"inLanguage\":\"en-US\",\"@id\":\"https:\/\/clinicavictoria.ro\/slatina\/profilaxie\/#primaryimage\",\"url\":\"https:\/\/clinicavictoria.ro\/slatina\/wp-content\/uploads\/2022\/08\/featured-image-chirurgie-dentara-copy-copy-7.jpg\",\"contentUrl\":\"https:\/\/clinicavictoria.ro\/slatina\/wp-content\/uploads\/2022\/08\/featured-image-chirurgie-dentara-copy-copy-7.jpg\",\"width\":1080,\"height\":1080,\"caption\":\"profilaxie dentara slatina\"},{\"@type\":\"BreadcrumbList\",\"@id\":\"https:\/\/clinicavictoria.ro\/slatina\/profilaxie\/#breadcrumb\",\"itemListElement\":[{\"@type\":\"ListItem\",\"position\":1,\"name\":\"Home\",\"item\":\"https:\/\/clinicavictoria.ro\/slatina\/\"},{\"@type\":\"ListItem\",\"position\":2,\"name\":\"Profilaxie\"}]},{\"@type\":\"WebSite\",\"@id\":\"https:\/\/clinicavictoria.ro\/slatina\/#website\",\"url\":\"https:\/\/clinicavictoria.ro\/slatina\/\",\"name\":\"Clinica dentar\u0103 Victoria - Slatina\",\"description\":\"\",\"publisher\":{\"@id\":\"https:\/\/clinicavictoria.ro\/slatina\/#organization\"},\"potentialAction\":[{\"@type\":\"SearchAction\",\"target\":{\"@type\":\"EntryPoint\",\"urlTemplate\":\"https:\/\/clinicavictoria.ro\/slatina\/?s={search_term_string}\"},\"query-input\":{\"@type\":\"PropertyValueSpecification\",\"valueRequired\":true,\"valueName\":\"search_term_string\"}}],\"inLanguage\":\"en-US\"},{\"@type\":\"Organization\",\"@id\":\"https:\/\/clinicavictoria.ro\/slatina\/#organization\",\"name\":\"Clinica dentar\u0103 Victoria - Slatina\",\"url\":\"https:\/\/clinicavictoria.ro\/slatina\/\",\"logo\":{\"@type\":\"ImageObject\",\"inLanguage\":\"en-US\",\"@id\":\"https:\/\/clinicavictoria.ro\/slatina\/#\/schema\/logo\/image\/\",\"url\":\"https:\/\/clinicavictoria.ro\/slatina\/wp-content\/uploads\/2022\/08\/logo_clinicavictoria_sl.png\",\"contentUrl\":\"https:\/\/clinicavictoria.ro\/slatina\/wp-content\/uploads\/2022\/08\/logo_clinicavictoria_sl.png\",\"width\":700,\"height\":190,\"caption\":\"Clinica dentar\u0103 Victoria - Slatina\"},\"image\":{\"@id\":\"https:\/\/clinicavictoria.ro\/slatina\/#\/schema\/logo\/image\/\"}}]}<\/script>\n<!-- \/ Yoast SEO plugin. -->","yoast_head_json":{"title":"Profilaxie Slatina | Clinica Dentar\u0103 Victoria","description":"Clinica stomatologic\u0103 Victoria din Slatina ofer\u0103 pacien\u021bilor servicii de albire din\u021bi cu lamp\u0103 \u0219i igienizare dentar\u0103 profesional\u0103.","robots":{"index":"index","follow":"follow","max-snippet":"max-snippet:-1","max-image-preview":"max-image-preview:large","max-video-preview":"max-video-preview:-1"},"canonical":"https:\/\/clinicavictoria.ro\/slatina\/profilaxie\/","og_locale":"en_US","og_type":"article","og_title":"Profilaxie Slatina | Clinica Dentar\u0103 Victoria","og_description":"Clinica stomatologic\u0103 Victoria din Slatina ofer\u0103 pacien\u021bilor servicii de albire din\u021bi cu lamp\u0103 \u0219i igienizare dentar\u0103 profesional\u0103.","og_url":"https:\/\/clinicavictoria.ro\/slatina\/profilaxie\/","og_site_name":"Clinica dentar\u0103 Victoria - Slatina","article_modified_time":"2024-02-01T13:34:52+00:00","og_image":[{"width":1080,"height":1080,"url":"https:\/\/clinicavictoria.ro\/slatina\/wp-content\/uploads\/2022\/08\/featured-image-chirurgie-dentara-copy-copy-7.jpg","type":"image\/jpeg"}],"twitter_card":"summary_large_image","twitter_misc":{"Est. reading time":"1 minute"},"schema":{"@context":"https:\/\/schema.org","@graph":[{"@type":"WebPage","@id":"https:\/\/clinicavictoria.ro\/slatina\/profilaxie\/","url":"https:\/\/clinicavictoria.ro\/slatina\/profilaxie\/","name":"Profilaxie Slatina | Clinica Dentar\u0103 Victoria","isPartOf":{"@id":"https:\/\/clinicavictoria.ro\/slatina\/#website"},"primaryImageOfPage":{"@id":"https:\/\/clinicavictoria.ro\/slatina\/profilaxie\/#primaryimage"},"image":{"@id":"https:\/\/clinicavictoria.ro\/slatina\/profilaxie\/#primaryimage"},"thumbnailUrl":"https:\/\/clinicavictoria.ro\/slatina\/wp-content\/uploads\/2022\/08\/featured-image-chirurgie-dentara-copy-copy-7.jpg","datePublished":"2022-05-20T10:24:44+00:00","dateModified":"2024-02-01T13:34:52+00:00","description":"Clinica stomatologic\u0103 Victoria din Slatina ofer\u0103 pacien\u021bilor servicii de albire din\u021bi cu lamp\u0103 \u0219i igienizare dentar\u0103 profesional\u0103.","breadcrumb":{"@id":"https:\/\/clinicavictoria.ro\/slatina\/profilaxie\/#breadcrumb"},"inLanguage":"en-US","potentialAction":[{"@type":"ReadAction","target":["https:\/\/clinicavictoria.ro\/slatina\/profilaxie\/"]}]},{"@type":"ImageObject","inLanguage":"en-US","@id":"https:\/\/clinicavictoria.ro\/slatina\/profilaxie\/#primaryimage","url":"https:\/\/clinicavictoria.ro\/slatina\/wp-content\/uploads\/2022\/08\/featured-image-chirurgie-dentara-copy-copy-7.jpg","contentUrl":"https:\/\/clinicavictoria.ro\/slatina\/wp-content\/uploads\/2022\/08\/featured-image-chirurgie-dentara-copy-copy-7.jpg","width":1080,"height":1080,"caption":"profilaxie dentara slatina"},{"@type":"BreadcrumbList","@id":"https:\/\/clinicavictoria.ro\/slatina\/profilaxie\/#breadcrumb","itemListElement":[{"@type":"ListItem","position":1,"name":"Home","item":"https:\/\/clinicavictoria.ro\/slatina\/"},{"@type":"ListItem","position":2,"name":"Profilaxie"}]},{"@type":"WebSite","@id":"https:\/\/clinicavictoria.ro\/slatina\/#website","url":"https:\/\/clinicavictoria.ro\/slatina\/","name":"Clinica dentar\u0103 Victoria - Slatina","description":"","publisher":{"@id":"https:\/\/clinicavictoria.ro\/slatina\/#organization"},"potentialAction":[{"@type":"SearchAction","target":{"@type":"EntryPoint","urlTemplate":"https:\/\/clinicavictoria.ro\/slatina\/?s={search_term_string}"},"query-input":{"@type":"PropertyValueSpecification","valueRequired":true,"valueName":"search_term_string"}}],"inLanguage":"en-US"},{"@type":"Organization","@id":"https:\/\/clinicavictoria.ro\/slatina\/#organization","name":"Clinica dentar\u0103 Victoria - Slatina","url":"https:\/\/clinicavictoria.ro\/slatina\/","logo":{"@type":"ImageObject","inLanguage":"en-US","@id":"https:\/\/clinicavictoria.ro\/slatina\/#\/schema\/logo\/image\/","url":"https:\/\/clinicavictoria.ro\/slatina\/wp-content\/uploads\/2022\/08\/logo_clinicavictoria_sl.png","contentUrl":"https:\/\/clinicavictoria.ro\/slatina\/wp-content\/uploads\/2022\/08\/logo_clinicavictoria_sl.png","width":700,"height":190,"caption":"Clinica dentar\u0103 Victoria - Slatina"},"image":{"@id":"https:\/\/clinicavictoria.ro\/slatina\/#\/schema\/logo\/image\/"}}]}},"_links":{"self":[{"href":"https:\/\/clinicavictoria.ro\/slatina\/wp-json\/wp\/v2\/pages\/1768"}],"collection":[{"href":"https:\/\/clinicavictoria.ro\/slatina\/wp-json\/wp\/v2\/pages"}],"about":[{"href":"https:\/\/clinicavictoria.ro\/slatina\/wp-json\/wp\/v2\/types\/page"}],"author":[{"embeddable":true,"href":"https:\/\/clinicavictoria.ro\/slatina\/wp-json\/wp\/v2\/users\/3"}],"replies":[{"embeddable":true,"href":"https:\/\/clinicavictoria.ro\/slatina\/wp-json\/wp\/v2\/comments?post=1768"}],"version-history":[{"count":17,"href":"https:\/\/clinicavictoria.ro\/slatina\/wp-json\/wp\/v2\/pages\/1768\/revisions"}],"predecessor-version":[{"id":2380,"href":"https:\/\/clinicavictoria.ro\/slatina\/wp-json\/wp\/v2\/pages\/1768\/revisions\/2380"}],"wp:featuredmedia":[{"embeddable":true,"href":"https:\/\/clinicavictoria.ro\/slatina\/wp-json\/wp\/v2\/media\/2209"}],"wp:attachment":[{"href":"https:\/\/clinicavictoria.ro\/slatina\/wp-json\/wp\/v2\/media?parent=1768"}],"curies":[{"name":"wp","href":"https:\/\/api.w.org\/{rel}","templated":true}]}}