{"id":1774,"date":"2022-05-20T13:26:52","date_gmt":"2022-05-20T10:26:52","guid":{"rendered":"https:\/\/clinicavictoria.ro\/bucuresti-doinacornea\/?page_id=1774"},"modified":"2026-03-11T13:06:12","modified_gmt":"2026-03-11T10:06:12","slug":"radiologie","status":"publish","type":"page","link":"https:\/\/clinicavictoria.ro\/bucuresti-doinacornea\/radiologie\/","title":{"rendered":"Radiologie"},"content":{"rendered":"<div class=\"gb-container gb-container-faede559\"><div class=\"gb-inside-container\">\n\n<h1 class=\"gb-headline gb-headline-1f5c767b gb-headline-text\">Radiologie Dentar\u0103<\/h1>\n\n\n\n<div class=\"line-separator\"><\/div>\n\n\n\n<h6 class=\"gb-headline gb-headline-d4b56e91 gb-headline-text\"><strong><strong><strong><strong>Clinica Dentar\u0103 Victoria Bucure\u0219ti (Blvd. Doina Cornea)<\/strong><\/strong><\/strong><\/strong><\/h6>\n\n\n\n<p class=\"has-text-align-center\">\u00cen cadrul specializ\u0103rii de Radiologie &#8211; Radiografie Dentar\u0103 din Bucure\u0219ti, medicii radiologi ajut\u0103 pacien\u021bii s\u0103-\u0219i rezolve problemele stomatologice oferind servicii de radiologie dentar\u0103 la cele mai \u00eenalte standarde folosind echipamente de ultim\u0103 genera\u021bie.<\/p>\n\n\n<div class=\"wp-block-image\">\n<figure class=\"aligncenter size-full\"><img loading=\"lazy\" decoding=\"async\" width=\"1200\" height=\"600\" src=\"https:\/\/clinicavictoria.ro\/bucuresti-doinacornea\/wp-content\/uploads\/2022\/08\/radiologie-dentara-bucuresti.webp\" alt=\"radiologie dentara bucuresti\" class=\"wp-image-2253\" srcset=\"https:\/\/clinicavictoria.ro\/bucuresti-doinacornea\/wp-content\/uploads\/2022\/08\/radiologie-dentara-bucuresti.webp 1200w, https:\/\/clinicavictoria.ro\/bucuresti-doinacornea\/wp-content\/uploads\/2022\/08\/radiologie-dentara-bucuresti-300x150.webp 300w, https:\/\/clinicavictoria.ro\/bucuresti-doinacornea\/wp-content\/uploads\/2022\/08\/radiologie-dentara-bucuresti-1024x512.webp 1024w, https:\/\/clinicavictoria.ro\/bucuresti-doinacornea\/wp-content\/uploads\/2022\/08\/radiologie-dentara-bucuresti-768x384.webp 768w\" sizes=\"auto, (max-width: 1200px) 100vw, 1200px\" \/><\/figure>\n<\/div>\n\n\n<div style=\"height:10px\" aria-hidden=\"true\" class=\"wp-block-spacer\"><\/div>\n\n\n\n<h5 class=\"gb-headline gb-headline-3dba0a8b gb-headline-text\"><strong>Radiologie \u0219i imagistic\u0103 dentar\u0103<\/strong><\/h5>\n\n\n\n<p>\u00cen fiecare Clinic\u0103 Dentar\u0103 Victoria exist\u0103 un departament de radiologie \u0219i laborator de imagistic\u0103 dentar\u0103 de \u00eenalt\u0103 performan\u021b\u0103. Astfel pacien\u021bii pot face toate investiga\u021biile necesare \u00een cadrul clinicii, economisind timp \u0219i bani.<\/p>\n\n\n\n<p>Progresul este una dintre valorile \u00een care credem, de aceea consider\u0103m c\u0103 este nevoie s\u0103 cunoa\u0219tem \u0219i s\u0103 folosim cele mai noi tehnologii din domeniul stomatologic. \u00cen Clinicile Victoria, laboratoarele de imagistic\u0103 dentar\u0103 sunt dotate cu aparatur\u0103 de \u00eenalt\u0103 performan\u021b\u0103: computer tomograf Planmeca Promax\u00ae &nbsp;3D\/2D \u0219i aparatur\u0103 pentru radiografii digitale intraorale \u0219i panoramice.<\/p>\n\n\n\n<p>Imaginea radiologic\u0103 este necesar\u0103 at\u00e2t pentru adul\u021bi c\u00e2t \u0219i pentru copii. De aceea am ales aparatura radiologic\u0103 de \u00eenalt\u0103 performan\u021b\u0103 care s\u0103 aib\u0103 cel mai mic grad de iradiere.<\/p>\n\n\n\n<h5 class=\"gb-headline gb-headline-c11850bf gb-headline-text\"><strong><strong><strong>Computerul tomograf Planmeca Promax<\/strong>\u00ae&nbsp;<strong>&nbsp;3D\/2D<\/strong><\/strong><\/strong><\/h5>\n\n\n\n<p>Reprezint\u0103 cea mai \u00eenalt\u0103 tehnologie digital\u0103, ofer\u0103 medicilor stomatologi o acurate\u021be maxim\u0103 \u00een diagnosticarea unei afec\u021biuni maxilo-faciale.<\/p>\n\n\n\n<p>Planmeca ProMax\u00ae 3D include imagistic\u0103 3D, fotografii 3D, panoramare \u00een 2D \u0219i cefalometrii, toate \u00eentr-un singur dispozitiv. Aceast\u0103 combina\u021bie 3D creeaz\u0103 un pacient virtual \u00een 3D, oferind un grad maxim de precizie \u00een diagnosticare.<\/p>\n\n\n\n<p>Computerul tomograf ofer\u0103 posibilitatea de cartografiere digital\u0103 de la suprafe\u021be milimetrice p\u00e2n\u0103 la \u00eentreaga suprafa\u021b\u0103 intracranian\u0103 astfel poate fi utilizat \u00een diagnosticarea complex\u0103 \u0219i corect\u0103 \u00een cadrul mai multor specialit\u0103\u021bi ale stomatologiei: implantologie, parodontologie, chirurgie maxilo-facial\u0103, ortodon\u021bie, endodon\u021bie, analiz\u0103 TMJ.<\/p>\n\n\n\n<h5 class=\"gb-headline gb-headline-347b8bde gb-headline-text\"><strong><strong><strong><strong><strong>Avantajele folosirii Computerului Tomograf 3D \u00een cadrul clinicii:<\/strong><\/strong><\/strong><\/strong><\/strong><\/h5>\n\n\n\n<ul class=\"wp-block-list\">\n<li>Diagnosticare rapid\u0103 \u0219i corect\u0103. Are un grad ridicat de acurate\u021be, astfel ajut\u0103 medicul s\u0103 ob\u021bin\u0103 o imagine \u00een spa\u021biu a zonei afectate \u0219i poate face o diagnosticare imediat\u0103;<\/li>\n\n\n\n<li>Expunere minim\u0103 la radia\u021bii;<\/li>\n\n\n\n<li>Asigur\u0103 o experien\u021b\u0103 confortabil\u0103 pentru pacient;<\/li>\n\n\n\n<li>Reprezint\u0103 un sprijin \u00een identificarea afec\u021biunilor \u00een aproape toate ramurile stomatologiei: implantologie, endodon\u021bie, ortodon\u021bie, chirurgie maxilo-facial\u0103, parodontologie;<\/li>\n\n\n\n<li>Este un mod de a controla calitatea actului medical, pacientul poate avea situa\u021bia \u00eenainte de vizit\u0103 la stomatolog \u0219i dup\u0103 terminarea tratamentului.<\/li>\n<\/ul>\n\n<\/div><\/div>\n\n\n<div style=\"height:32px\" aria-hidden=\"true\" class=\"wp-block-spacer\"><\/div>\n\n\n<div class=\"gb-container gb-container-c87d64e3\"><div class=\"gb-inside-container\">\n\n<p class=\"has-text-align-center\">Programa\u021bi-v\u0103 pentru orice serviciu de radiologie \u00een clinica noastr\u0103 \u0219i noi v\u0103 garant\u0103m c\u0103 ve\u021bi beneficia de toat\u0103 aten\u021bia echipei noastre medicale.<\/p>\n\n\n\n<p class=\"has-text-align-center\">Pentru program\u0103ri, apela\u021bi:<\/p>\n\n\n\n<h3 class=\"gb-headline gb-headline-a8d8c91b gb-headline-text\"><strong><a href=\"tel:0314 254 376\">0314 254 376<\/a><\/strong><\/h3>\n\n<\/div><\/div>\n\n\n<p class=\"has-text-align-center\">sau ap\u0103sa\u021bi butonul de mai jos:<\/p>\n\n\n\n<div class=\"wp-block-buttons is-horizontal is-content-justification-center is-layout-flex wp-container-core-buttons-is-layout-499968f5 wp-block-buttons-is-layout-flex\">\n<div class=\"wp-block-button main-button is-style-outline sg-popup-id-1058 is-style-outline--1\"><a class=\"wp-block-button__link has-accent-color has-base-3-background-color has-text-color has-background wp-element-button\">PROGRAMEAZ\u0102-TE<\/a><\/div>\n<\/div>\n\n\n\n<div style=\"height:32px\" aria-hidden=\"true\" class=\"wp-block-spacer\"><\/div>\n\n\n\n<h5 class=\"gb-headline gb-headline-5301e4e7 gb-headline-text\"><strong><strong>Avantajele de a beneficia de toate serviciile dentare \u00eentr-o sigur\u0103 loca\u021bie.<\/strong><\/strong><\/h5>\n\n\n\n<p>Un sistem complet de servicii \u00een aceea\u0219i loca\u021bie acoper\u0103 toate nevoile \u0219i problemele posibile ale pacientului, f\u0103r\u0103 a-l pune pe drumuri. Pe de alt\u0103 parte, un singur aspect terapeutic poate fi privit \u00een ansamblu de mai mul\u021bi speciali\u0219ti, din mai multe unghiuri, astfel \u00eenc\u00e2t pacientul s\u0103 nu \u00ee\u0219i pun\u0103 problema dac\u0103 a primit cel mai bun sfat sau cel mai bun plan de tratament, \u00eentruc\u00e2t \u00een cadrul clinicilor Victoria poate beneficia si de opinia medicului chirurg, \u0219i de cea a medicului ortodont, endodont, sau de alte specialit\u0103\u021bi, pl\u0103tind doar pentru o singur\u0103 consulta\u021bie.<\/p>\n\n\n\n<div style=\"height:32px\" aria-hidden=\"true\" class=\"wp-block-spacer\"><\/div>\n\n\n<div class=\"gb-container gb-container-c72f458e\"><div class=\"gb-inside-container\">\n\n<h5 class=\"gb-headline gb-headline-95b090dd gb-headline-text\"><strong>Pre\u021buri<\/strong><\/h5>\n\n\n\n<figure class=\"wp-block-table is-style-stripes styled-table\"><table><thead><tr><th class=\"has-text-align-left\" data-align=\"left\"><strong>Nume Serviciu<\/strong><\/th><th class=\"has-text-align-center\" data-align=\"center\"><strong>Pre<strong>\u021b<\/strong> (Lei)<\/strong><\/th><\/tr><\/thead><tbody><tr><td class=\"has-text-align-left\" data-align=\"left\">Radiografie panoramic\u0103 O.P.G.<\/td><td class=\"has-text-align-center\" data-align=\"center\">50<\/td><\/tr><tr><td class=\"has-text-align-left\" data-align=\"left\">Tomografie complet\u0103 maxilar\u0103 \u0219i mandibular\u0103<\/td><td class=\"has-text-align-center\" data-align=\"center\">500<\/td><\/tr><\/tbody><\/table><\/figure>\n\n<\/div><\/div>\n\n\n<div style=\"height:32px\" aria-hidden=\"true\" class=\"wp-block-spacer\"><\/div>\n\n\n<div class=\"gb-container gb-container-ee1bd535\"><div class=\"gb-inside-container\">\n\n<h6 class=\"gb-headline gb-headline-e273090e gb-headline-text\"><strong>Scurta prezentare video a clinicii noastre:<\/strong><\/h6>\n\n\n\n<figure class=\"wp-block-embed is-type-video is-provider-youtube wp-block-embed-youtube wp-embed-aspect-16-9 wp-has-aspect-ratio\"><div class=\"wp-block-embed__wrapper\">\n<div class=\"epyt-video-wrapper\"><div  id=\"_ytid_99851\"  width=\"1200\" height=\"675\"  data-origwidth=\"1200\" data-origheight=\"675\" data-facadesrc=\"https:\/\/www.youtube.com\/embed\/Pj8NxzldniY?enablejsapi=1&#038;autoplay=0&#038;cc_load_policy=0&#038;cc_lang_pref=&#038;iv_load_policy=1&#038;loop=0&#038;rel=0&#038;fs=1&#038;playsinline=0&#038;autohide=2&#038;theme=dark&#038;color=red&#038;controls=1&#038;disablekb=0&#038;\" class=\"__youtube_prefs__ epyt-facade epyt-is-override  no-lazyload\" data-epautoplay=\"1\" ><img decoding=\"async\" data-spai-excluded=\"true\" class=\"epyt-facade-poster skip-lazy\" loading=\"lazy\"  alt=\"YouTube player\"  src=\"https:\/\/i.ytimg.com\/vi\/Pj8NxzldniY\/maxresdefault.jpg\"  \/><button class=\"epyt-facade-play\" aria-label=\"Play\"><svg data-no-lazy=\"1\" height=\"100%\" version=\"1.1\" viewBox=\"0 0 68 48\" width=\"100%\"><path class=\"ytp-large-play-button-bg\" d=\"M66.52,7.74c-0.78-2.93-2.49-5.41-5.42-6.19C55.79,.13,34,0,34,0S12.21,.13,6.9,1.55 C3.97,2.33,2.27,4.81,1.48,7.74C0.06,13.05,0,24,0,24s0.06,10.95,1.48,16.26c0.78,2.93,2.49,5.41,5.42,6.19 C12.21,47.87,34,48,34,48s21.79-0.13,27.1-1.55c2.93-0.78,4.64-3.26,5.42-6.19C67.94,34.95,68,24,68,24S67.94,13.05,66.52,7.74z\" fill=\"#f00\"><\/path><path d=\"M 45,24 27,14 27,34\" fill=\"#fff\"><\/path><\/svg><\/button><\/div><\/div>\n<\/div><\/figure>\n\n\n\n<p class=\"has-text-align-center\">\u0218tim c\u0103 v\u0103 dori\u021bi s\u0103 g\u0103si\u021bi cea mai bun\u0103 cale de rezolvare a problemelor dumneavoastr\u0103 dentare, de aceea echipa noastr\u0103 de speciali\u0219ti este gata s\u0103 v\u0103 ajute.<\/p>\n\n\n<div class=\"gb-container gb-container-9ce8eccf\"><div class=\"gb-inside-container\">\n\n<div class=\"wp-block-buttons is-horizontal is-content-justification-center is-layout-flex wp-container-core-buttons-is-layout-499968f5 wp-block-buttons-is-layout-flex\">\n<div class=\"wp-block-button is-style-outline main-button sg-popup-id-1058 is-style-outline--2\"><a class=\"wp-block-button__link has-accent-color has-base-3-background-color has-text-color has-background wp-element-button\" style=\"border-radius:20px\"><meta charset=\"utf-8\">PROGRAMEAZ\u0102-TE<\/a><\/div>\n<\/div>\n\n<\/div><\/div>\n<\/div><\/div>","protected":false},"excerpt":{"rendered":"<p>Radiologie Dentar\u0103 Clinica Dentar\u0103 Victoria Bucure\u0219ti (Blvd. Doina Cornea) \u00cen cadrul specializ\u0103rii de Radiologie &#8211; Radiografie Dentar\u0103 din Bucure\u0219ti, medicii radiologi ajut\u0103 pacien\u021bii s\u0103-\u0219i rezolve problemele stomatologice oferind servicii de radiologie dentar\u0103 la cele mai \u00eenalte standarde folosind echipamente de ultim\u0103 genera\u021bie. Radiologie \u0219i imagistic\u0103 dentar\u0103 \u00cen fiecare Clinic\u0103 Dentar\u0103 Victoria exist\u0103 un departament de &#8230; <a title=\"Radiologie\" class=\"read-more\" href=\"https:\/\/clinicavictoria.ro\/bucuresti-doinacornea\/radiologie\/\" aria-label=\"Read more about Radiologie\">Read more<\/a><\/p>\n","protected":false},"author":3,"featured_media":2223,"parent":0,"menu_order":0,"comment_status":"closed","ping_status":"closed","template":"","meta":{"inline_featured_image":false,"footnotes":""},"class_list":["post-1774","page","type-page","status-publish","has-post-thumbnail"],"yoast_head":"<!-- This site is optimized with the Yoast SEO plugin v27.4 - https:\/\/yoast.com\/product\/yoast-seo-wordpress\/ -->\n<title>Radiologie Dentar\u0103 Bucure\u0219ti | Clinica Victoria Blvd. Doina Cornea<\/title>\n<meta name=\"description\" content=\"Clinica Victoria din Bucure\u0219ti ofer\u0103 servicii de radiologie dentar\u0103 cu maxim de confort \u0219i siguran\u021b\u0103 folosind echipamente ultra-moderne.\" \/>\n<meta name=\"robots\" content=\"index, follow, max-snippet:-1, max-image-preview:large, max-video-preview:-1\" \/>\n<link rel=\"canonical\" href=\"https:\/\/clinicavictoria.ro\/bucuresti-doinacornea\/radiologie\/\" \/>\n<meta property=\"og:locale\" content=\"en_US\" \/>\n<meta property=\"og:type\" content=\"article\" \/>\n<meta property=\"og:title\" content=\"Radiologie Dentar\u0103 Bucure\u0219ti | Clinica Victoria Blvd. Doina Cornea\" \/>\n<meta property=\"og:description\" content=\"Clinica Victoria din Bucure\u0219ti ofer\u0103 servicii de radiologie dentar\u0103 cu maxim de confort \u0219i siguran\u021b\u0103 folosind echipamente ultra-moderne.\" \/>\n<meta property=\"og:url\" content=\"https:\/\/clinicavictoria.ro\/bucuresti-doinacornea\/radiologie\/\" \/>\n<meta property=\"og:site_name\" content=\"Clinica dentar\u0103 Victoria - Bucure\u0219ti\" \/>\n<meta property=\"article:modified_time\" content=\"2026-03-11T10:06:12+00:00\" \/>\n<meta property=\"og:image\" content=\"https:\/\/clinicavictoria.ro\/bucuresti-doinacornea\/wp-content\/uploads\/2022\/08\/featured-image-chirurgie-dentara-RM-VALCEA-29.jpg\" \/>\n\t<meta property=\"og:image:width\" content=\"1080\" \/>\n\t<meta property=\"og:image:height\" content=\"1080\" \/>\n\t<meta property=\"og:image:type\" content=\"image\/jpeg\" \/>\n<meta name=\"twitter:card\" content=\"summary_large_image\" \/>\n<meta name=\"twitter:label1\" content=\"Est. reading time\" \/>\n\t<meta name=\"twitter:data1\" content=\"3 minutes\" \/>\n<script type=\"application\/ld+json\" class=\"yoast-schema-graph\">{\"@context\":\"https:\\\/\\\/schema.org\",\"@graph\":[{\"@type\":\"WebPage\",\"@id\":\"https:\\\/\\\/clinicavictoria.ro\\\/bucuresti-doinacornea\\\/radiologie\\\/\",\"url\":\"https:\\\/\\\/clinicavictoria.ro\\\/bucuresti-doinacornea\\\/radiologie\\\/\",\"name\":\"Radiologie Dentar\u0103 Bucure\u0219ti | Clinica Victoria Blvd. Doina Cornea\",\"isPartOf\":{\"@id\":\"https:\\\/\\\/clinicavictoria.ro\\\/bucuresti-doinacornea\\\/#website\"},\"primaryImageOfPage\":{\"@id\":\"https:\\\/\\\/clinicavictoria.ro\\\/bucuresti-doinacornea\\\/radiologie\\\/#primaryimage\"},\"image\":{\"@id\":\"https:\\\/\\\/clinicavictoria.ro\\\/bucuresti-doinacornea\\\/radiologie\\\/#primaryimage\"},\"thumbnailUrl\":\"https:\\\/\\\/clinicavictoria.ro\\\/bucuresti-doinacornea\\\/wp-content\\\/uploads\\\/2022\\\/08\\\/featured-image-chirurgie-dentara-RM-VALCEA-29.jpg\",\"datePublished\":\"2022-05-20T10:26:52+00:00\",\"dateModified\":\"2026-03-11T10:06:12+00:00\",\"description\":\"Clinica Victoria din Bucure\u0219ti ofer\u0103 servicii de radiologie dentar\u0103 cu maxim de confort \u0219i siguran\u021b\u0103 folosind echipamente ultra-moderne.\",\"breadcrumb\":{\"@id\":\"https:\\\/\\\/clinicavictoria.ro\\\/bucuresti-doinacornea\\\/radiologie\\\/#breadcrumb\"},\"inLanguage\":\"en-US\",\"potentialAction\":[{\"@type\":\"ReadAction\",\"target\":[\"https:\\\/\\\/clinicavictoria.ro\\\/bucuresti-doinacornea\\\/radiologie\\\/\"]}]},{\"@type\":\"ImageObject\",\"inLanguage\":\"en-US\",\"@id\":\"https:\\\/\\\/clinicavictoria.ro\\\/bucuresti-doinacornea\\\/radiologie\\\/#primaryimage\",\"url\":\"https:\\\/\\\/clinicavictoria.ro\\\/bucuresti-doinacornea\\\/wp-content\\\/uploads\\\/2022\\\/08\\\/featured-image-chirurgie-dentara-RM-VALCEA-29.jpg\",\"contentUrl\":\"https:\\\/\\\/clinicavictoria.ro\\\/bucuresti-doinacornea\\\/wp-content\\\/uploads\\\/2022\\\/08\\\/featured-image-chirurgie-dentara-RM-VALCEA-29.jpg\",\"width\":1080,\"height\":1080,\"caption\":\"radiologie dentara bucuresti\"},{\"@type\":\"BreadcrumbList\",\"@id\":\"https:\\\/\\\/clinicavictoria.ro\\\/bucuresti-doinacornea\\\/radiologie\\\/#breadcrumb\",\"itemListElement\":[{\"@type\":\"ListItem\",\"position\":1,\"name\":\"Home\",\"item\":\"https:\\\/\\\/clinicavictoria.ro\\\/bucuresti-doinacornea\\\/\"},{\"@type\":\"ListItem\",\"position\":2,\"name\":\"Radiologie\"}]},{\"@type\":\"WebSite\",\"@id\":\"https:\\\/\\\/clinicavictoria.ro\\\/bucuresti-doinacornea\\\/#website\",\"url\":\"https:\\\/\\\/clinicavictoria.ro\\\/bucuresti-doinacornea\\\/\",\"name\":\"Clinica dentar\u0103 Victoria - Bucure\u0219ti\",\"description\":\"\",\"publisher\":{\"@id\":\"https:\\\/\\\/clinicavictoria.ro\\\/bucuresti-doinacornea\\\/#organization\"},\"potentialAction\":[{\"@type\":\"SearchAction\",\"target\":{\"@type\":\"EntryPoint\",\"urlTemplate\":\"https:\\\/\\\/clinicavictoria.ro\\\/bucuresti-doinacornea\\\/?s={search_term_string}\"},\"query-input\":{\"@type\":\"PropertyValueSpecification\",\"valueRequired\":true,\"valueName\":\"search_term_string\"}}],\"inLanguage\":\"en-US\"},{\"@type\":\"Organization\",\"@id\":\"https:\\\/\\\/clinicavictoria.ro\\\/bucuresti-doinacornea\\\/#organization\",\"name\":\"Clinica dentar\u0103 Victoria - Bucure\u0219ti\",\"url\":\"https:\\\/\\\/clinicavictoria.ro\\\/bucuresti-doinacornea\\\/\",\"logo\":{\"@type\":\"ImageObject\",\"inLanguage\":\"en-US\",\"@id\":\"https:\\\/\\\/clinicavictoria.ro\\\/bucuresti-doinacornea\\\/#\\\/schema\\\/logo\\\/image\\\/\",\"url\":\"https:\\\/\\\/clinicavictoria.ro\\\/bucuresti-doinacornea\\\/wp-content\\\/uploads\\\/2025\\\/04\\\/logo-clinica-dentara-victoria-bucuresti-doina-cornea-V2.png\",\"contentUrl\":\"https:\\\/\\\/clinicavictoria.ro\\\/bucuresti-doinacornea\\\/wp-content\\\/uploads\\\/2025\\\/04\\\/logo-clinica-dentara-victoria-bucuresti-doina-cornea-V2.png\",\"width\":700,\"height\":190,\"caption\":\"Clinica dentar\u0103 Victoria - Bucure\u0219ti\"},\"image\":{\"@id\":\"https:\\\/\\\/clinicavictoria.ro\\\/bucuresti-doinacornea\\\/#\\\/schema\\\/logo\\\/image\\\/\"}}]}<\/script>\n<!-- \/ Yoast SEO plugin. -->","yoast_head_json":{"title":"Radiologie Dentar\u0103 Bucure\u0219ti | Clinica Victoria Blvd. Doina Cornea","description":"Clinica Victoria din Bucure\u0219ti ofer\u0103 servicii de radiologie dentar\u0103 cu maxim de confort \u0219i siguran\u021b\u0103 folosind echipamente ultra-moderne.","robots":{"index":"index","follow":"follow","max-snippet":"max-snippet:-1","max-image-preview":"max-image-preview:large","max-video-preview":"max-video-preview:-1"},"canonical":"https:\/\/clinicavictoria.ro\/bucuresti-doinacornea\/radiologie\/","og_locale":"en_US","og_type":"article","og_title":"Radiologie Dentar\u0103 Bucure\u0219ti | Clinica Victoria Blvd. Doina Cornea","og_description":"Clinica Victoria din Bucure\u0219ti ofer\u0103 servicii de radiologie dentar\u0103 cu maxim de confort \u0219i siguran\u021b\u0103 folosind echipamente ultra-moderne.","og_url":"https:\/\/clinicavictoria.ro\/bucuresti-doinacornea\/radiologie\/","og_site_name":"Clinica dentar\u0103 Victoria - Bucure\u0219ti","article_modified_time":"2026-03-11T10:06:12+00:00","og_image":[{"width":1080,"height":1080,"url":"https:\/\/clinicavictoria.ro\/bucuresti-doinacornea\/wp-content\/uploads\/2022\/08\/featured-image-chirurgie-dentara-RM-VALCEA-29.jpg","type":"image\/jpeg"}],"twitter_card":"summary_large_image","twitter_misc":{"Est. reading time":"3 minutes"},"schema":{"@context":"https:\/\/schema.org","@graph":[{"@type":"WebPage","@id":"https:\/\/clinicavictoria.ro\/bucuresti-doinacornea\/radiologie\/","url":"https:\/\/clinicavictoria.ro\/bucuresti-doinacornea\/radiologie\/","name":"Radiologie Dentar\u0103 Bucure\u0219ti | Clinica Victoria Blvd. Doina Cornea","isPartOf":{"@id":"https:\/\/clinicavictoria.ro\/bucuresti-doinacornea\/#website"},"primaryImageOfPage":{"@id":"https:\/\/clinicavictoria.ro\/bucuresti-doinacornea\/radiologie\/#primaryimage"},"image":{"@id":"https:\/\/clinicavictoria.ro\/bucuresti-doinacornea\/radiologie\/#primaryimage"},"thumbnailUrl":"https:\/\/clinicavictoria.ro\/bucuresti-doinacornea\/wp-content\/uploads\/2022\/08\/featured-image-chirurgie-dentara-RM-VALCEA-29.jpg","datePublished":"2022-05-20T10:26:52+00:00","dateModified":"2026-03-11T10:06:12+00:00","description":"Clinica Victoria din Bucure\u0219ti ofer\u0103 servicii de radiologie dentar\u0103 cu maxim de confort \u0219i siguran\u021b\u0103 folosind echipamente ultra-moderne.","breadcrumb":{"@id":"https:\/\/clinicavictoria.ro\/bucuresti-doinacornea\/radiologie\/#breadcrumb"},"inLanguage":"en-US","potentialAction":[{"@type":"ReadAction","target":["https:\/\/clinicavictoria.ro\/bucuresti-doinacornea\/radiologie\/"]}]},{"@type":"ImageObject","inLanguage":"en-US","@id":"https:\/\/clinicavictoria.ro\/bucuresti-doinacornea\/radiologie\/#primaryimage","url":"https:\/\/clinicavictoria.ro\/bucuresti-doinacornea\/wp-content\/uploads\/2022\/08\/featured-image-chirurgie-dentara-RM-VALCEA-29.jpg","contentUrl":"https:\/\/clinicavictoria.ro\/bucuresti-doinacornea\/wp-content\/uploads\/2022\/08\/featured-image-chirurgie-dentara-RM-VALCEA-29.jpg","width":1080,"height":1080,"caption":"radiologie dentara bucuresti"},{"@type":"BreadcrumbList","@id":"https:\/\/clinicavictoria.ro\/bucuresti-doinacornea\/radiologie\/#breadcrumb","itemListElement":[{"@type":"ListItem","position":1,"name":"Home","item":"https:\/\/clinicavictoria.ro\/bucuresti-doinacornea\/"},{"@type":"ListItem","position":2,"name":"Radiologie"}]},{"@type":"WebSite","@id":"https:\/\/clinicavictoria.ro\/bucuresti-doinacornea\/#website","url":"https:\/\/clinicavictoria.ro\/bucuresti-doinacornea\/","name":"Clinica dentar\u0103 Victoria - Bucure\u0219ti","description":"","publisher":{"@id":"https:\/\/clinicavictoria.ro\/bucuresti-doinacornea\/#organization"},"potentialAction":[{"@type":"SearchAction","target":{"@type":"EntryPoint","urlTemplate":"https:\/\/clinicavictoria.ro\/bucuresti-doinacornea\/?s={search_term_string}"},"query-input":{"@type":"PropertyValueSpecification","valueRequired":true,"valueName":"search_term_string"}}],"inLanguage":"en-US"},{"@type":"Organization","@id":"https:\/\/clinicavictoria.ro\/bucuresti-doinacornea\/#organization","name":"Clinica dentar\u0103 Victoria - Bucure\u0219ti","url":"https:\/\/clinicavictoria.ro\/bucuresti-doinacornea\/","logo":{"@type":"ImageObject","inLanguage":"en-US","@id":"https:\/\/clinicavictoria.ro\/bucuresti-doinacornea\/#\/schema\/logo\/image\/","url":"https:\/\/clinicavictoria.ro\/bucuresti-doinacornea\/wp-content\/uploads\/2025\/04\/logo-clinica-dentara-victoria-bucuresti-doina-cornea-V2.png","contentUrl":"https:\/\/clinicavictoria.ro\/bucuresti-doinacornea\/wp-content\/uploads\/2025\/04\/logo-clinica-dentara-victoria-bucuresti-doina-cornea-V2.png","width":700,"height":190,"caption":"Clinica dentar\u0103 Victoria - Bucure\u0219ti"},"image":{"@id":"https:\/\/clinicavictoria.ro\/bucuresti-doinacornea\/#\/schema\/logo\/image\/"}}]}},"_links":{"self":[{"href":"https:\/\/clinicavictoria.ro\/bucuresti-doinacornea\/wp-json\/wp\/v2\/pages\/1774","targetHints":{"allow":["GET"]}}],"collection":[{"href":"https:\/\/clinicavictoria.ro\/bucuresti-doinacornea\/wp-json\/wp\/v2\/pages"}],"about":[{"href":"https:\/\/clinicavictoria.ro\/bucuresti-doinacornea\/wp-json\/wp\/v2\/types\/page"}],"author":[{"embeddable":true,"href":"https:\/\/clinicavictoria.ro\/bucuresti-doinacornea\/wp-json\/wp\/v2\/users\/3"}],"replies":[{"embeddable":true,"href":"https:\/\/clinicavictoria.ro\/bucuresti-doinacornea\/wp-json\/wp\/v2\/comments?post=1774"}],"version-history":[{"count":16,"href":"https:\/\/clinicavictoria.ro\/bucuresti-doinacornea\/wp-json\/wp\/v2\/pages\/1774\/revisions"}],"predecessor-version":[{"id":2791,"href":"https:\/\/clinicavictoria.ro\/bucuresti-doinacornea\/wp-json\/wp\/v2\/pages\/1774\/revisions\/2791"}],"wp:featuredmedia":[{"embeddable":true,"href":"https:\/\/clinicavictoria.ro\/bucuresti-doinacornea\/wp-json\/wp\/v2\/media\/2223"}],"wp:attachment":[{"href":"https:\/\/clinicavictoria.ro\/bucuresti-doinacornea\/wp-json\/wp\/v2\/media?parent=1774"}],"curies":[{"name":"wp","href":"https:\/\/api.w.org\/{rel}","templated":true}]}}